Last updated on 2018-05-14 01:47:07 CEST.
Flavor | Version | Tinstall | Tcheck | Ttotal | Status | Flags |
---|---|---|---|---|---|---|
r-devel-linux-x86_64-debian-clang | 2017.4-1 | 2.93 | 27.52 | 30.45 | OK | |
r-devel-linux-x86_64-debian-gcc | 2017.4-1 | 2.22 | 24.55 | 26.77 | OK | |
r-devel-linux-x86_64-fedora-clang | 2017.4-1 | 40.81 | OK | |||
r-devel-linux-x86_64-fedora-gcc | 2017.4-1 | 39.32 | OK | |||
r-devel-windows-ix86+x86_64 | 2017.4-1 | 7.00 | 55.00 | 62.00 | OK | |
r-patched-linux-x86_64 | 2017.4-1 | 2.63 | 27.85 | 30.48 | OK | |
r-patched-solaris-x86 | 2017.4-1 | 56.20 | OK | |||
r-release-linux-x86_64 | 2017.4-1 | 2.51 | 27.55 | 30.06 | OK | |
r-release-windows-ix86+x86_64 | 2017.4-1 | 7.00 | 55.00 | 62.00 | OK | |
r-release-osx-x86_64 | 2017.4-1 | OK | ||||
r-oldrel-windows-ix86+x86_64 | 2017.4-1 | 5.00 | 40.00 | 45.00 | OK | |
r-oldrel-osx-x86_64 | 2017.4-1 | NOTE |
Version: 2017.4-1
Check: Rd cross-references
Result: NOTE
Package unavailable to check Rd xrefs: ‘TSPostgreSQL’
Flavor: r-oldrel-osx-x86_64