Last updated on 2018-05-14 01:47:08 CEST.
Flavor | Version | Tinstall | Tcheck | Ttotal | Status | Flags |
---|---|---|---|---|---|---|
r-devel-linux-x86_64-debian-clang | 1.5 | 16.07 | 27.93 | 44.00 | OK | |
r-devel-linux-x86_64-debian-gcc | 1.5 | 14.84 | 24.07 | 38.91 | OK | |
r-devel-linux-x86_64-fedora-clang | 1.5 | 61.12 | OK | |||
r-devel-linux-x86_64-fedora-gcc | 1.5 | 59.14 | OK | |||
r-devel-windows-ix86+x86_64 | 1.5 | 111.00 | 150.00 | 261.00 | NOTE | |
r-patched-linux-x86_64 | 1.5 | 19.05 | 27.89 | 46.94 | OK | |
r-patched-solaris-x86 | 1.5 | 74.20 | OK | |||
r-release-linux-x86_64 | 1.5 | 17.14 | 27.80 | 44.94 | OK | |
r-release-windows-ix86+x86_64 | 1.5 | 111.00 | 150.00 | 261.00 | NOTE | |
r-release-osx-x86_64 | 1.5 | NOTE | ||||
r-oldrel-windows-ix86+x86_64 | 1.5 | 120.00 | 107.00 | 227.00 | NOTE | |
r-oldrel-osx-x86_64 | 1.5 | NOTE |
Version: 1.5
Check: installed package size
Result: NOTE
installed size is 14.2Mb
sub-directories of 1Mb or more:
libs 13.3Mb
Flavors: r-devel-windows-ix86+x86_64, r-release-windows-ix86+x86_64, r-release-osx-x86_64, r-oldrel-windows-ix86+x86_64, r-oldrel-osx-x86_64