Last updated on 2018-05-14 01:47:09 CEST.
Flavor | Version | Tinstall | Tcheck | Ttotal | Status | Flags |
---|---|---|---|---|---|---|
r-devel-linux-x86_64-debian-clang | 1.63 | 51.20 | 277.35 | 328.55 | OK | |
r-devel-linux-x86_64-debian-gcc | 1.63 | 41.12 | 247.87 | 288.99 | OK | |
r-devel-linux-x86_64-fedora-clang | 1.63 | 445.68 | OK | |||
r-devel-linux-x86_64-fedora-gcc | 1.63 | 467.49 | OK | |||
r-devel-windows-ix86+x86_64 | 1.63 | 111.00 | 486.00 | 597.00 | OK | |
r-patched-linux-x86_64 | 1.63 | 47.58 | 289.71 | 337.29 | OK | |
r-patched-solaris-x86 | 1.63 | 534.70 | OK | |||
r-release-linux-x86_64 | 1.63 | 43.17 | 290.88 | 334.05 | OK | |
r-release-windows-ix86+x86_64 | 1.63 | 111.00 | 486.00 | 597.00 | OK | |
r-release-osx-x86_64 | 1.63 | NOTE | ||||
r-oldrel-windows-ix86+x86_64 | 1.63 | 59.00 | 347.00 | 406.00 | OK | |
r-oldrel-osx-x86_64 | 1.63 | ERROR |
Version: 1.63
Check: package dependencies
Result: NOTE
Package suggested but not available for checking: ‘org.Mm.eg.db’
Flavor: r-release-osx-x86_64
Version: 1.63
Check: package dependencies
Result: ERROR
Package required but not available: ‘GO.db’
Packages suggested but not available for checking:
‘org.Hs.eg.db’ ‘org.Mm.eg.db’
See section ‘The DESCRIPTION file’ in the ‘Writing R Extensions’
manual.
Flavor: r-oldrel-osx-x86_64