CRAN Package Check Results for Package WeibullR

Last updated on 2018-05-14 01:47:09 CEST.

Flavor Version Tinstall Tcheck Ttotal Status Flags
r-devel-linux-x86_64-debian-clang 1.0.9 106.33 35.73 142.06 OK
r-devel-linux-x86_64-debian-gcc 1.0.9 87.99 32.63 120.62 OK
r-devel-linux-x86_64-fedora-clang 1.0.9 202.48 OK
r-devel-linux-x86_64-fedora-gcc 1.0.9 208.03 NOTE
r-devel-windows-ix86+x86_64 1.0.9 200.00 91.00 291.00 OK
r-patched-linux-x86_64 1.0.9 105.29 40.26 145.55 OK
r-patched-solaris-x86 1.0.9 199.00 OK
r-release-linux-x86_64 1.0.9 100.53 40.10 140.63 OK
r-release-windows-ix86+x86_64 1.0.9 200.00 91.00 291.00 OK
r-release-osx-x86_64 1.0.9 OK
r-oldrel-windows-ix86+x86_64 1.0.9 223.00 72.00 295.00 OK
r-oldrel-osx-x86_64 1.0.9 OK

Check Details

Version: 1.0.9
Check: installed package size
Result: NOTE
     installed size is 6.5Mb
     sub-directories of 1Mb or more:
     libs 6.1Mb
Flavor: r-devel-linux-x86_64-fedora-gcc