Last updated on 2018-05-14 01:46:21 CEST.
Flavor | Version | Tinstall | Tcheck | Ttotal | Status | Flags |
---|---|---|---|---|---|---|
r-devel-linux-x86_64-debian-clang | 0.0.1 | 3.99 | 52.81 | 56.80 | OK | |
r-devel-linux-x86_64-debian-gcc | 0.0.1 | 3.81 | 45.65 | 49.46 | OK | |
r-devel-linux-x86_64-fedora-clang | 0.0.1 | 76.83 | NOTE | |||
r-devel-linux-x86_64-fedora-gcc | 0.0.1 | 74.10 | NOTE | |||
r-devel-windows-ix86+x86_64 | 0.0.1 | 9.00 | 92.00 | 101.00 | OK | |
r-patched-linux-x86_64 | 0.0.1 | 3.49 | 54.46 | 57.95 | OK | |
r-patched-solaris-x86 | 0.0.1 | 105.60 | NOTE | |||
r-release-linux-x86_64 | 0.0.1 | 4.61 | 55.53 | 60.14 | OK | |
r-release-windows-ix86+x86_64 | 0.0.1 | 9.00 | 92.00 | 101.00 | OK | |
r-release-osx-x86_64 | 0.0.1 | NOTE | ||||
r-oldrel-windows-ix86+x86_64 | 0.0.1 | 7.00 | 83.00 | 90.00 | OK | |
r-oldrel-osx-x86_64 | 0.0.1 | NOTE |
Version: 0.0.1
Check: dependencies in R code
Result: NOTE
Namespaces in Imports field not imported from:
‘DBI’ ‘assertthat’ ‘tibble’
All declared Imports should be used.
Flavors: r-devel-linux-x86_64-fedora-clang, r-devel-linux-x86_64-fedora-gcc, r-patched-solaris-x86, r-release-osx-x86_64, r-oldrel-osx-x86_64