CRAN Package Check Results for Package aml

Last updated on 2018-05-14 01:46:22 CEST.

Flavor Version Tinstall Tcheck Ttotal Status Flags
r-devel-linux-x86_64-debian-clang 0.1-1 1.03 37.21 38.24 NOTE
r-devel-linux-x86_64-debian-gcc 0.1-1 1.07 31.48 32.55 NOTE
r-devel-linux-x86_64-fedora-clang 0.1-1 52.20 NOTE
r-devel-linux-x86_64-fedora-gcc 0.1-1 50.04 NOTE
r-devel-windows-ix86+x86_64 0.1-1 4.00 64.00 68.00 NOTE
r-patched-linux-x86_64 0.1-1 1.13 39.85 40.98 NOTE
r-patched-solaris-x86 0.1-1 91.20 NOTE
r-release-linux-x86_64 0.1-1 1.00 39.90 40.90 NOTE
r-release-windows-ix86+x86_64 0.1-1 4.00 64.00 68.00 NOTE
r-release-osx-x86_64 0.1-1 NOTE
r-oldrel-windows-ix86+x86_64 0.1-1 4.00 48.00 52.00 NOTE
r-oldrel-osx-x86_64 0.1-1 NOTE

Check Details

Version: 0.1-1
Check: R code for possible problems
Result: NOTE
    amltest: no visible global function definition for ‘var’
    amltest: no visible global function definition for ‘optim’
    amltest: no visible global function definition for ‘lm’
    cleanclust: no visible global function definition for ‘cor’
    cleanclust: no visible global function definition for ‘hclust’
    cleanclust: no visible global function definition for ‘as.dist’
    cleanclust: no visible global function definition for ‘cutree’
    Undefined global functions or variables:
     as.dist cor cutree hclust lm optim var
    Consider adding
     importFrom("stats", "as.dist", "cor", "cutree", "hclust", "lm",
     "optim", "var")
    to your NAMESPACE file.
Flavors: r-devel-linux-x86_64-debian-clang, r-devel-linux-x86_64-debian-gcc, r-devel-linux-x86_64-fedora-clang, r-devel-linux-x86_64-fedora-gcc, r-devel-windows-ix86+x86_64, r-patched-linux-x86_64, r-patched-solaris-x86, r-release-linux-x86_64, r-release-windows-ix86+x86_64, r-release-osx-x86_64, r-oldrel-windows-ix86+x86_64, r-oldrel-osx-x86_64