CRAN Package Check Results for Package analogue

Last updated on 2018-05-14 01:46:22 CEST.

Flavor Version Tinstall Tcheck Ttotal Status Flags
r-devel-linux-x86_64-debian-clang 0.17-0 12.48 125.29 137.77 NOTE
r-devel-linux-x86_64-debian-gcc 0.17-0 11.41 107.88 119.29 NOTE
r-devel-linux-x86_64-fedora-clang 0.17-0 183.51 NOTE
r-devel-linux-x86_64-fedora-gcc 0.17-0 180.58 NOTE
r-devel-windows-ix86+x86_64 0.17-0 25.00 243.00 268.00 OK
r-patched-linux-x86_64 0.17-0 10.87 127.99 138.86 NOTE
r-patched-solaris-x86 0.17-0 234.50 OK
r-release-linux-x86_64 0.17-0 11.65 128.70 140.35 NOTE
r-release-windows-ix86+x86_64 0.17-0 25.00 243.00 268.00 OK
r-release-osx-x86_64 0.17-0 OK
r-oldrel-windows-ix86+x86_64 0.17-0 30.00 181.00 211.00 OK
r-oldrel-osx-x86_64 0.17-0 OK

Additional issues

MKL

Check Details

Version: 0.17-0
Check: compiled code
Result: NOTE
    File ‘analogue/libs/analogue.so’:
     Found no calls to: ‘R_registerRoutines’, ‘R_useDynamicSymbols’
    
    It is good practice to register native routines and to disable symbol
    search.
    
    See ‘Writing portable packages’ in the ‘Writing R Extensions’ manual.
Flavors: r-devel-linux-x86_64-debian-clang, r-devel-linux-x86_64-debian-gcc, r-devel-linux-x86_64-fedora-clang, r-devel-linux-x86_64-fedora-gcc, r-patched-linux-x86_64, r-release-linux-x86_64