Last updated on 2018-05-14 01:46:22 CEST.
Flavor | Version | Tinstall | Tcheck | Ttotal | Status | Flags |
---|---|---|---|---|---|---|
r-devel-linux-x86_64-debian-clang | 3.1.3 | 24.33 | 89.79 | 114.12 | NOTE | |
r-devel-linux-x86_64-debian-gcc | 3.1.3 | 23.37 | 125.55 | 148.92 | NOTE | |
r-devel-linux-x86_64-fedora-clang | 3.1.3 | 214.29 | NOTE | |||
r-devel-linux-x86_64-fedora-gcc | 3.1.3 | 207.29 | NOTE | |||
r-devel-windows-ix86+x86_64 | 3.1.3 | 41.00 | 213.00 | 254.00 | NOTE | |
r-patched-linux-x86_64 | 3.1.3 | 22.94 | 148.43 | 171.37 | NOTE | |
r-patched-solaris-x86 | 3.1.3 | 252.90 | NOTE | |||
r-release-linux-x86_64 | 3.1.3 | 23.54 | 147.55 | 171.09 | NOTE | |
r-release-windows-ix86+x86_64 | 3.1.3 | 41.00 | 213.00 | 254.00 | NOTE | |
r-release-osx-x86_64 | 3.1.3 | NOTE | ||||
r-oldrel-windows-ix86+x86_64 | 3.1.3 | 24.00 | 216.00 | 240.00 | NOTE | |
r-oldrel-osx-x86_64 | 3.1.1 | NOTE |
Version: 3.1.3
Check: package dependencies
Result: NOTE
Packages suggested but not available for checking:
‘sfit’ ‘expectile’ ‘HaarSeg’ ‘mpcbs’
Flavors: r-devel-linux-x86_64-debian-clang, r-devel-linux-x86_64-debian-gcc, r-devel-linux-x86_64-fedora-clang, r-devel-linux-x86_64-fedora-gcc, r-devel-windows-ix86+x86_64, r-patched-linux-x86_64, r-patched-solaris-x86, r-release-linux-x86_64, r-release-windows-ix86+x86_64, r-oldrel-windows-ix86+x86_64
Version: 3.1.3
Check: package dependencies
Result: NOTE
Packages suggested but not available for checking:
‘GLAD’ ‘sfit’ ‘expectile’ ‘HaarSeg’ ‘mpcbs’
Flavor: r-release-osx-x86_64
Version: 3.1.3
Check: Rd cross-references
Result: NOTE
Package unavailable to check Rd xrefs: ‘GLAD’
Flavor: r-release-osx-x86_64
Version: 3.1.1
Check: package dependencies
Result: NOTE
Packages suggested but not available for checking:
‘EBImage’ ‘aroma.light’ ‘GLAD’ ‘sfit’ ‘expectile’ ‘HaarSeg’ ‘mpcbs’
Flavor: r-oldrel-osx-x86_64
Version: 3.1.1
Check: Rd cross-references
Result: NOTE
Packages unavailable to check Rd xrefs: ‘aroma.light’, ‘GLAD’
Flavor: r-oldrel-osx-x86_64