CRAN Package Check Results for Package autoBagging

Last updated on 2018-05-14 01:46:22 CEST.

Flavor Version Tinstall Tcheck Ttotal Status Flags
r-devel-linux-x86_64-debian-clang 0.1.0 7.10 69.09 76.19 OK
r-devel-linux-x86_64-debian-gcc 0.1.0 7.98 75.13 83.11 OK
r-devel-linux-x86_64-fedora-clang 0.1.0 111.89 NOTE
r-devel-linux-x86_64-fedora-gcc 0.1.0 111.95 NOTE
r-devel-windows-ix86+x86_64 0.1.0 25.00 126.00 151.00 OK
r-patched-linux-x86_64 0.1.0 8.32 76.52 84.84 OK
r-patched-solaris-x86 0.1.0 157.30 NOTE
r-release-linux-x86_64 0.1.0 8.05 76.31 84.36 OK
r-release-windows-ix86+x86_64 0.1.0 25.00 126.00 151.00 OK
r-release-osx-x86_64 0.1.0 NOTE
r-oldrel-windows-ix86+x86_64 0.1.0 13.00 85.00 98.00 OK
r-oldrel-osx-x86_64 0.1.0 NOTE

Check Details

Version: 0.1.0
Check: dependencies in R code
Result: NOTE
    Namespace in Imports field not imported from: ‘abind’
     All declared Imports should be used.
Flavors: r-devel-linux-x86_64-fedora-clang, r-devel-linux-x86_64-fedora-gcc, r-patched-solaris-x86, r-release-osx-x86_64, r-oldrel-osx-x86_64