CRAN Package Check Results for Package available

Last updated on 2018-05-14 01:46:22 CEST.

Flavor Version Tinstall Tcheck Ttotal Status Flags
r-devel-linux-x86_64-debian-clang 1.0.0 1.97 30.79 32.76 OK
r-devel-linux-x86_64-debian-gcc 1.0.0 1.39 31.56 32.95 OK
r-devel-linux-x86_64-fedora-clang 1.0.0 45.22 NOTE
r-devel-linux-x86_64-fedora-gcc 1.0.0 44.90 NOTE
r-devel-windows-ix86+x86_64 1.0.0 9.00 101.00 110.00 OK
r-patched-linux-x86_64 1.0.0 1.64 34.69 36.33 OK
r-patched-solaris-x86 1.0.0 64.70 NOTE
r-release-linux-x86_64 1.0.0 1.24 34.83 36.07 OK
r-release-windows-ix86+x86_64 1.0.0 9.00 101.00 110.00 OK
r-release-osx-x86_64 1.0.0 NOTE
r-oldrel-windows-ix86+x86_64 1.0.0 3.00 77.00 80.00 OK
r-oldrel-osx-x86_64 1.0.0 NOTE

Check Details

Version: 1.0.0
Check: dependencies in R code
Result: NOTE
    Namespace in Imports field not imported from: ‘purrr’
     All declared Imports should be used.
Flavors: r-devel-linux-x86_64-fedora-clang, r-devel-linux-x86_64-fedora-gcc, r-patched-solaris-x86, r-release-osx-x86_64, r-oldrel-osx-x86_64