CRAN Package Check Results for Package bamlss

Last updated on 2018-05-14 01:46:23 CEST.

Flavor Version Tinstall Tcheck Ttotal Status Flags
r-devel-linux-x86_64-debian-clang 1.0-0 45.35 187.43 232.78 OK
r-devel-linux-x86_64-debian-gcc 1.0-0 40.27 169.61 209.88 OK
r-devel-linux-x86_64-fedora-clang 1.0-0 290.84 OK
r-devel-linux-x86_64-fedora-gcc 1.0-0 291.55 OK
r-devel-windows-ix86+x86_64 1.0-0 76.00 282.00 358.00 OK
r-patched-linux-x86_64 1.0-0 46.76 214.32 261.08 OK
r-patched-solaris-x86 1.0-0 382.30 NOTE
r-release-linux-x86_64 1.0-0 50.47 213.64 264.11 OK
r-release-windows-ix86+x86_64 1.0-0 76.00 282.00 358.00 OK
r-release-osx-x86_64 1.0-0 OK
r-oldrel-windows-ix86+x86_64 1.0-0 28.00 243.00 271.00 OK
r-oldrel-osx-x86_64 1.0-0 OK

Check Details

Version: 1.0-0
Check: package dependencies
Result: NOTE
    Package suggested but not available for checking: ‘keras’
Flavor: r-patched-solaris-x86

Version: 1.0-0
Check: Rd cross-references
Result: NOTE
    Package unavailable to check Rd xrefs: ‘keras’
Flavor: r-patched-solaris-x86