CRAN Package Check Results for Package bdpv

Last updated on 2018-05-14 01:46:23 CEST.

Flavor Version Tinstall Tcheck Ttotal Status Flags
r-devel-linux-x86_64-debian-clang 1.1 2.35 20.87 23.22 NOTE
r-devel-linux-x86_64-debian-gcc 1.1 2.05 18.74 20.79 NOTE
r-devel-linux-x86_64-fedora-clang 1.1 30.42 NOTE
r-devel-linux-x86_64-fedora-gcc 1.1 30.04 NOTE
r-devel-windows-ix86+x86_64 1.1 6.00 28.00 34.00 NOTE
r-patched-linux-x86_64 1.1 2.19 23.09 25.28 NOTE
r-patched-solaris-x86 1.1 43.90 NOTE
r-release-linux-x86_64 1.1 1.77 22.87 24.64 NOTE
r-release-windows-ix86+x86_64 1.1 6.00 28.00 34.00 NOTE
r-release-osx-x86_64 1.1 NOTE
r-oldrel-windows-ix86+x86_64 1.1 3.00 34.00 37.00 NOTE
r-oldrel-osx-x86_64 1.1 NOTE

Check Details

Version: 1.1
Check: R code for possible problems
Result: NOTE
    BDtest: no visible global function definition for ‘binom.test’
    CIlnpv: no visible global function definition for ‘qnorm’
    CIlnpvak: no visible global function definition for ‘qnorm’
    CIlppv: no visible global function definition for ‘qnorm’
    CIlppvak: no visible global function definition for ‘qnorm’
    CIpvBI: no visible global function definition for ‘rbeta’
    CIpvBI: no visible global function definition for ‘quantile’
    CIpvBI: no visible global function definition for ‘median’
    CIpvBII: no visible global function definition for ‘rbeta’
    CIpvBII: no visible global function definition for ‘quantile’
    CIpvBII: no visible global function definition for ‘median’
    nNPV: no visible global function definition for ‘qnorm’
    nPPV: no visible global function definition for ‘qnorm’
    plotnPV: no visible global function definition for ‘na.omit’
    plotnPV: no visible global function definition for ‘lines’
    plotnPV2 : defplot: no visible global function definition for ‘plot’
    plotnPV2 : defplot: no visible global function definition for ‘lines’
    plotnPV2: no visible global function definition for ‘par’
    plotnPV2: no visible global function definition for ‘layout’
    simPV: no visible global function definition for ‘rbinom’
    simPV: no visible global function definition for ‘quantile’
    Undefined global functions or variables:
     binom.test layout lines median na.omit par plot qnorm quantile rbeta
     rbinom
    Consider adding
     importFrom("graphics", "layout", "lines", "par", "plot")
     importFrom("stats", "binom.test", "median", "na.omit", "qnorm",
     "quantile", "rbeta", "rbinom")
    to your NAMESPACE file.
Flavors: r-devel-linux-x86_64-debian-clang, r-devel-linux-x86_64-debian-gcc, r-devel-linux-x86_64-fedora-clang, r-devel-linux-x86_64-fedora-gcc, r-devel-windows-ix86+x86_64, r-patched-linux-x86_64, r-patched-solaris-x86, r-release-linux-x86_64, r-release-windows-ix86+x86_64, r-release-osx-x86_64, r-oldrel-windows-ix86+x86_64, r-oldrel-osx-x86_64