Last updated on 2018-05-14 01:46:23 CEST.
Flavor | Version | Tinstall | Tcheck | Ttotal | Status | Flags |
---|---|---|---|---|---|---|
r-devel-linux-x86_64-debian-clang | 0.5 | 36.03 | 39.61 | 75.64 | OK | |
r-devel-linux-x86_64-debian-gcc | 0.5 | 29.87 | 35.13 | 65.00 | OK | |
r-devel-linux-x86_64-fedora-clang | 0.5 | 105.31 | NOTE | |||
r-devel-linux-x86_64-fedora-gcc | 0.5 | 101.05 | NOTE | |||
r-devel-windows-ix86+x86_64 | 0.5 | 79.00 | 75.00 | 154.00 | OK | |
r-patched-linux-x86_64 | 0.5 | 37.92 | 41.33 | 79.25 | OK | |
r-patched-solaris-x86 | 0.5 | 133.00 | OK | |||
r-release-linux-x86_64 | 0.5 | 34.83 | 41.82 | 76.65 | OK | |
r-release-windows-ix86+x86_64 | 0.5 | 79.00 | 75.00 | 154.00 | OK | |
r-release-osx-x86_64 | 0.5 | NOTE | ||||
r-oldrel-windows-ix86+x86_64 | 0.5 | 95.00 | 87.00 | 182.00 | OK | |
r-oldrel-osx-x86_64 | 0.5 | NOTE |
Version: 0.5
Check: installed package size
Result: NOTE
installed size is 5.3Mb
sub-directories of 1Mb or more:
data 2.1Mb
libs 2.9Mb
Flavors: r-devel-linux-x86_64-fedora-clang, r-devel-linux-x86_64-fedora-gcc, r-release-osx-x86_64, r-oldrel-osx-x86_64