CRAN Package Check Results for Package bigstep

Last updated on 2018-05-14 01:46:23 CEST.

Flavor Version Tinstall Tcheck Ttotal Status Flags
r-devel-linux-x86_64-debian-clang 0.7.4 5.37 65.81 71.18 OK
r-devel-linux-x86_64-debian-gcc 0.7.4 5.03 58.05 63.08 OK
r-devel-linux-x86_64-fedora-clang 0.7.4 93.99 OK
r-devel-linux-x86_64-fedora-gcc 0.7.4 93.46 OK
r-devel-windows-ix86+x86_64 0.7.4 10.00 96.00 106.00 OK
r-patched-linux-x86_64 0.7.4 4.39 60.81 65.20 OK
r-patched-solaris-x86 0.7.4 132.20 OK
r-release-linux-x86_64 0.7.4 5.17 60.64 65.81 OK
r-release-windows-ix86+x86_64 0.7.4 10.00 96.00 106.00 OK
r-release-osx-x86_64 0.7.4 OK
r-oldrel-windows-ix86+x86_64 0.7.4 11.00 83.00 94.00 OK
r-oldrel-osx-x86_64 0.7.4 NOTE

Check Details

Version: 0.7.4
Check: package dependencies
Result: NOTE
    Package suggested but not available for checking: ‘devtools’
Flavor: r-oldrel-osx-x86_64