CRAN Package Check Results for Package bioacoustics

Last updated on 2018-05-14 01:46:24 CEST.

Flavor Version Tinstall Tcheck Ttotal Status Flags
r-devel-linux-x86_64-debian-clang 0.1.1 107.72 41.34 149.06 OK
r-devel-linux-x86_64-debian-gcc 0.1.1 97.33 36.22 133.55 OK
r-devel-linux-x86_64-fedora-clang 0.1.1 222.49 NOTE
r-devel-linux-x86_64-fedora-gcc 0.1.1 190.82 NOTE
r-devel-windows-ix86+x86_64 0.1.1 220.00 111.00 331.00 NOTE
r-patched-linux-x86_64 0.1.0 118.67 40.12 158.79 OK
r-patched-solaris-x86 0.1.1 84.10 ERROR
r-release-linux-x86_64 0.1.1 123.37 40.29 163.66 OK
r-release-windows-ix86+x86_64 0.1.1 220.00 111.00 331.00 NOTE
r-release-osx-x86_64 0.1.1 ERROR
r-oldrel-windows-ix86+x86_64 0.1.0 309.00 102.00 411.00 NOTE

Check Details

Version: 0.1.1
Check: installed package size
Result: NOTE
     installed size is 5.7Mb
     sub-directories of 1Mb or more:
     libs 4.3Mb
Flavors: r-devel-linux-x86_64-fedora-clang, r-devel-linux-x86_64-fedora-gcc, r-devel-windows-ix86+x86_64, r-release-windows-ix86+x86_64

Version: 0.1.1
Check: whether package can be installed
Result: ERROR
    Installation failed.
Flavors: r-patched-solaris-x86, r-release-osx-x86_64

Version: 0.1.0
Check: installed package size
Result: NOTE
     installed size is 6.8Mb
     sub-directories of 1Mb or more:
     libs 5.5Mb
Flavor: r-oldrel-windows-ix86+x86_64