CRAN Package Check Results for Package bisoreg

Last updated on 2018-05-14 01:46:24 CEST.

Flavor Version Tinstall Tcheck Ttotal Status Flags
r-devel-linux-x86_64-debian-clang 1.4 3.05 18.92 21.97 NOTE
r-devel-linux-x86_64-debian-gcc 1.4 2.21 17.56 19.77 NOTE
r-devel-linux-x86_64-fedora-clang 1.4 29.78 NOTE
r-devel-linux-x86_64-fedora-gcc 1.4 27.54 NOTE
r-devel-windows-ix86+x86_64 1.4 12.00 55.00 67.00 NOTE
r-patched-linux-x86_64 1.4 2.86 20.81 23.67 NOTE
r-patched-solaris-x86 1.4 52.10 NOTE
r-release-linux-x86_64 1.4 3.01 20.90 23.91 NOTE
r-release-windows-ix86+x86_64 1.4 12.00 55.00 67.00 NOTE
r-release-osx-x86_64 1.4 NOTE
r-oldrel-windows-ix86+x86_64 1.4 20.00 39.00 59.00 NOTE
r-oldrel-osx-x86_64 1.4 NOTE

Check Details

Version: 1.4
Check: R code for possible problems
Result: NOTE
    aveslope: no visible global function definition for ‘pbeta’
    bisoreg : <anonymous>: no visible global function definition for
     ‘pbeta’
    bisoreg: no visible global function definition for ‘rgamma’
    bisoreg: no visible global function definition for ‘rbeta’
    bisoreg: no visible global function definition for ‘rnorm’
    bisoreg: no visible global function definition for ‘rbinom’
    bisoreg: no visible global function definition for ‘dnorm’
    bisoreg: no visible global function definition for ‘var’
    fitted.biso : <anonymous>: no visible global function definition for
     ‘median’
    get.W : <anonymous>: no visible global function definition for ‘pbeta’
    loess.wrapper : theta.fit: no visible global function definition for
     ‘loess’
    loess.wrapper : theta.predict: no visible global function definition
     for ‘predict’
    loess.wrapper: no visible global function definition for ‘loess’
    nd2004 : initfun: no visible global function definition for ‘rnorm’
    nd2004 : initfun: no visible global function definition for ‘rgamma’
    plot.biso: no visible global function definition for ‘plot’
    plot.biso : <anonymous>: no visible global function definition for
     ‘quantile’
    plot.biso: no visible global function definition for ‘polygon’
    plot.biso: no visible global function definition for ‘gray’
    plot.biso: no visible global function definition for ‘points’
    plot.biso : <anonymous>: no visible global function definition for
     ‘median’
    plot.biso: no visible global function definition for ‘lines’
    summary.biso: no visible binding for global variable ‘fivenum’
    Undefined global functions or variables:
     dnorm fivenum gray lines loess median pbeta plot points polygon
     predict quantile rbeta rbinom rgamma rnorm var
    Consider adding
     importFrom("grDevices", "gray")
     importFrom("graphics", "lines", "plot", "points", "polygon")
     importFrom("stats", "dnorm", "fivenum", "loess", "median", "pbeta",
     "predict", "quantile", "rbeta", "rbinom", "rgamma", "rnorm",
     "var")
    to your NAMESPACE file.
Flavors: r-devel-linux-x86_64-debian-clang, r-devel-linux-x86_64-debian-gcc, r-devel-linux-x86_64-fedora-clang, r-devel-linux-x86_64-fedora-gcc, r-devel-windows-ix86+x86_64, r-patched-linux-x86_64, r-patched-solaris-x86, r-release-linux-x86_64, r-release-windows-ix86+x86_64, r-release-osx-x86_64, r-oldrel-windows-ix86+x86_64, r-oldrel-osx-x86_64

Version: 1.4
Check: compiled code
Result: NOTE
    File ‘bisoreg/libs/bisoreg.so’:
     Found no calls to: ‘R_registerRoutines’, ‘R_useDynamicSymbols’
    
    It is good practice to register native routines and to disable symbol
    search.
    
    See ‘Writing portable packages’ in the ‘Writing R Extensions’ manual.
Flavors: r-devel-linux-x86_64-debian-clang, r-devel-linux-x86_64-debian-gcc, r-devel-linux-x86_64-fedora-clang, r-devel-linux-x86_64-fedora-gcc, r-patched-linux-x86_64, r-release-linux-x86_64