CRAN Package Check Results for Package blorr

Last updated on 2018-05-14 01:46:24 CEST.

Flavor Version Tinstall Tcheck Ttotal Status Flags
r-devel-linux-x86_64-debian-clang 0.1.0 26.55 211.73 238.28 OK
r-devel-linux-x86_64-debian-gcc 0.1.0 24.77 184.54 209.31 OK
r-devel-linux-x86_64-fedora-clang 0.1.0 326.73 NOTE
r-devel-linux-x86_64-fedora-gcc 0.1.0 311.55 NOTE
r-devel-windows-ix86+x86_64 0.1.0 52.00 342.00 394.00 OK
r-patched-linux-x86_64 0.1.0 26.77 210.19 236.96 OK
r-patched-solaris-x86 0.1.0 473.00 NOTE
r-release-linux-x86_64 0.1.0 22.63 214.08 236.71 OK
r-release-windows-ix86+x86_64 0.1.0 52.00 342.00 394.00 OK
r-release-osx-x86_64 0.1.0 NOTE

Check Details

Version: 0.1.0
Check: dependencies in R code
Result: NOTE
    Namespace in Imports field not imported from: ‘descriptr’
     All declared Imports should be used.
Flavors: r-devel-linux-x86_64-fedora-clang, r-devel-linux-x86_64-fedora-gcc, r-patched-solaris-x86, r-release-osx-x86_64