CRAN Package Check Results for Package blsAPI

Last updated on 2018-05-14 01:46:24 CEST.

Flavor Version Tinstall Tcheck Ttotal Status Flags
r-devel-linux-x86_64-debian-clang 0.1.9 1.47 20.88 22.35 ERROR
r-devel-linux-x86_64-debian-gcc 0.1.9 1.02 18.57 19.59 ERROR
r-devel-linux-x86_64-fedora-clang 0.1.9 21.26 ERROR
r-devel-linux-x86_64-fedora-gcc 0.1.9 29.08 ERROR
r-devel-windows-ix86+x86_64 0.1.9 5.00 68.00 73.00 OK
r-patched-linux-x86_64 0.1.9 1.27 21.08 22.35 OK
r-patched-solaris-x86 0.1.9 44.00 OK
r-release-linux-x86_64 0.1.9 1.31 21.65 22.96 OK
r-release-windows-ix86+x86_64 0.1.9 5.00 68.00 73.00 OK
r-release-osx-x86_64 0.1.9 OK
r-oldrel-windows-ix86+x86_64 0.1.9 5.00 62.00 67.00 OK
r-oldrel-osx-x86_64 0.1.9 OK

Check Details

Version: 0.1.9
Check: examples
Result: ERROR
    Running examples in ‘blsAPI-Ex.R’ failed
    The error most likely occurred in:
    
    > base::assign(".ptime", proc.time(), pos = "CheckExEnv")
    > ### Name: blsQCEW
    > ### Title: Request QCEW Data from the U.S. Bureau Of Labor Statistics Open
    > ### Data Access
    > ### Aliases: blsQCEW
    > ### Keywords: bls economics
    >
    > ### ** Examples
    >
    > ## These examples are taken from the sample code examples found at:
    > ## <https://www.bls.gov/cew/doc/access/data_access_examples.htm>
    >
    > ## Area Data Request
    >
    > ## Required parameters are:
    > ## * year
    > ## * quarter
    > ## * area
    >
    > ## Example: Request the first quarter of 2013 for the state of Michigan
    > MichiganData <- blsQCEW('Area', year='2013', quarter='1', area='26000')
    Warning in file(file, "rt") :
     cannot open URL 'https://data.bls.gov/cew/data/api/2013/1/area/26000.csv': HTTP status was '403 Forbidden'
    Error in file(file, "rt") :
     cannot open the connection to 'https://www.bls.gov/cew/data/api/2013/1/area/26000.csv'
    Calls: blsQCEW -> read.csv -> read.table -> file
    Execution halted
Flavors: r-devel-linux-x86_64-debian-clang, r-devel-linux-x86_64-debian-gcc

Version: 0.1.9
Check: examples
Result: ERROR
    Running examples in ‘blsAPI-Ex.R’ failed
    The error most likely occurred in:
    
    > ### Name: blsQCEW
    > ### Title: Request QCEW Data from the U.S. Bureau Of Labor Statistics Open
    > ### Data Access
    > ### Aliases: blsQCEW
    > ### Keywords: bls economics
    >
    > ### ** Examples
    >
    > ## These examples are taken from the sample code examples found at:
    > ## <https://www.bls.gov/cew/doc/access/data_access_examples.htm>
    >
    > ## Area Data Request
    >
    > ## Required parameters are:
    > ## * year
    > ## * quarter
    > ## * area
    >
    > ## Example: Request the first quarter of 2013 for the state of Michigan
    > MichiganData <- blsQCEW('Area', year='2013', quarter='1', area='26000')
    Warning in file(file, "rt") :
     cannot open URL 'https://data.bls.gov/cew/data/api/2013/1/area/26000.csv': HTTP status was '403 Forbidden'
    Error in file(file, "rt") :
     cannot open the connection to 'https://www.bls.gov/cew/data/api/2013/1/area/26000.csv'
    Calls: blsQCEW -> read.csv -> read.table -> file
    Execution halted
Flavors: r-devel-linux-x86_64-fedora-clang, r-devel-linux-x86_64-fedora-gcc