CRAN Package Check Results for Package bridger2

Last updated on 2018-05-14 01:46:26 CEST.

Flavor Version Tinstall Tcheck Ttotal Status Flags
r-devel-linux-x86_64-debian-clang 0.1.0 3.95 91.91 95.86 OK
r-devel-linux-x86_64-debian-gcc 0.1.0 4.30 73.25 77.55 OK
r-devel-linux-x86_64-fedora-clang 0.1.0 124.93 OK
r-devel-linux-x86_64-fedora-gcc 0.1.0 117.04 OK
r-devel-windows-ix86+x86_64 0.1.0 21.00 107.00 128.00 OK
r-patched-linux-x86_64 0.1.0 4.98 95.50 100.48 NOTE
r-patched-solaris-x86 0.1.0 154.60 OK
r-release-linux-x86_64 0.1.0 4.59 94.69 99.28 NOTE
r-release-windows-ix86+x86_64 0.1.0 21.00 107.00 128.00 OK
r-release-osx-x86_64 0.1.0 OK
r-oldrel-windows-ix86+x86_64 0.1.0 8.00 115.00 123.00 OK
r-oldrel-osx-x86_64 0.1.0 OK

Check Details

Version: 0.1.0
Check: DESCRIPTION meta-information
Result: NOTE
    Dependence on R version ‘3.3.1’ not with patchlevel 0
Flavors: r-patched-linux-x86_64, r-release-linux-x86_64