CRAN Package Check Results for Package brlrmr

Last updated on 2018-05-14 01:46:26 CEST.

Flavor Version Tinstall Tcheck Ttotal Status Flags
r-devel-linux-x86_64-debian-clang 0.1.5 2.10 19.95 22.05 OK
r-devel-linux-x86_64-debian-gcc 0.1.5 1.56 17.69 19.25 OK
r-devel-linux-x86_64-fedora-clang 0.1.5 28.89 NOTE
r-devel-linux-x86_64-fedora-gcc 0.1.5 27.26 NOTE
r-devel-windows-ix86+x86_64 0.1.5 4.00 35.00 39.00 OK
r-patched-linux-x86_64 0.1.5 1.36 21.38 22.74 OK
r-patched-solaris-x86 0.1.5 41.40 NOTE
r-release-linux-x86_64 0.1.5 2.01 21.74 23.75 OK
r-release-windows-ix86+x86_64 0.1.5 4.00 35.00 39.00 OK
r-release-osx-x86_64 0.1.5 NOTE
r-oldrel-windows-ix86+x86_64 0.1.5 3.00 46.00 49.00 OK
r-oldrel-osx-x86_64 0.1.5 NOTE

Check Details

Version: 0.1.5
Check: dependencies in R code
Result: NOTE
    Namespaces in Imports field not imported from:
     ‘Rcpp’ ‘profileModel’
     All declared Imports should be used.
Flavors: r-devel-linux-x86_64-fedora-clang, r-devel-linux-x86_64-fedora-gcc, r-patched-solaris-x86, r-release-osx-x86_64, r-oldrel-osx-x86_64