CRAN Package Check Results for Package cdcfluview

Last updated on 2018-05-14 01:46:26 CEST.

Flavor Version Tinstall Tcheck Ttotal Status Flags
r-devel-linux-x86_64-debian-clang 0.7.0 3.78 47.89 51.67 OK
r-devel-linux-x86_64-debian-gcc 0.7.0 3.72 46.16 49.88 OK
r-devel-linux-x86_64-fedora-clang 0.7.0 72.37 NOTE
r-devel-linux-x86_64-fedora-gcc 0.7.0 69.94 NOTE
r-devel-windows-ix86+x86_64 0.7.0 13.00 100.00 113.00 OK
r-patched-linux-x86_64 0.7.0 4.15 48.25 52.40 OK
r-patched-solaris-x86 0.7.0 111.50 ERROR
r-release-linux-x86_64 0.7.0 4.44 48.23 52.67 OK
r-release-windows-ix86+x86_64 0.7.0 13.00 100.00 113.00 OK
r-release-osx-x86_64 0.7.0 NOTE
r-oldrel-windows-ix86+x86_64 0.7.0 9.00 68.00 77.00 OK
r-oldrel-osx-x86_64 0.7.0 NOTE

Check Details

Version: 0.7.0
Check: dependencies in R code
Result: NOTE
    Namespace in Imports field not imported from: ‘units’
     All declared Imports should be used.
Flavors: r-devel-linux-x86_64-fedora-clang, r-devel-linux-x86_64-fedora-gcc, r-patched-solaris-x86, r-release-osx-x86_64, r-oldrel-osx-x86_64

Version: 0.7.0
Check: examples
Result: ERROR
    Running examples in ‘cdcfluview-Ex.R’ failed
    The error most likely occurred in:
    
    > ### Name: age_group_distribution
    > ### Title: Age Group Distribution of Influenza Positive Tests Reported by
    > ### Public Health Laboratories
    > ### Aliases: age_group_distribution
    >
    > ### ** Examples
    >
    > age_group_distribution(years=2015)
    Error in curl::curl_fetch_memory(url, handle = handle) :
     Timeout was reached: Operation timed out after 10000 milliseconds with 0 out of 0 bytes received
    Calls: age_group_distribution ... request_fetch -> request_fetch.write_memory -> <Anonymous>
    Execution halted
Flavor: r-patched-solaris-x86