CRAN Package Check Results for Package cds

Last updated on 2018-05-14 01:46:26 CEST.

Flavor Version Tinstall Tcheck Ttotal Status Flags
r-devel-linux-x86_64-debian-clang 1.0.3 7.03 73.23 80.26 OK
r-devel-linux-x86_64-debian-gcc 1.0.3 5.36 63.79 69.15 OK
r-devel-linux-x86_64-fedora-clang 1.0.3 106.39 OK
r-devel-linux-x86_64-fedora-gcc 1.0.3 103.93 OK
r-devel-windows-ix86+x86_64 1.0.3 12.00 107.00 119.00 OK
r-patched-linux-x86_64 1.0.3 5.23 70.01 75.24 OK
r-patched-solaris-x86 1.0.3 152.70 OK
r-release-linux-x86_64 1.0.3 6.65 68.99 75.64 OK
r-release-windows-ix86+x86_64 1.0.3 12.00 107.00 119.00 OK
r-release-osx-x86_64 1.0.3 OK
r-oldrel-windows-ix86+x86_64 1.0.3 12.00 88.00 100.00 OK
r-oldrel-osx-x86_64 1.0.3 ERROR

Check Details

Version: 1.0.3
Check: package dependencies
Result: ERROR
    Package required but not available: ‘copula’
    
    See section ‘The DESCRIPTION file’ in the ‘Writing R Extensions’
    manual.
Flavor: r-oldrel-osx-x86_64