Last updated on 2018-05-14 01:46:30 CEST.
Flavor | Version | Tinstall | Tcheck | Ttotal | Status | Flags |
---|---|---|---|---|---|---|
r-devel-linux-x86_64-debian-clang | 1.1.1 | 2.88 | 29.72 | 32.60 | OK | |
r-devel-linux-x86_64-debian-gcc | 1.1.1 | 2.69 | 26.56 | 29.25 | OK | |
r-devel-linux-x86_64-fedora-clang | 1.1.1 | 41.64 | NOTE | |||
r-devel-linux-x86_64-fedora-gcc | 1.1.1 | 40.00 | NOTE | |||
r-devel-windows-ix86+x86_64 | 1.1.1 | 6.00 | 56.00 | 62.00 | NOTE | |
r-patched-linux-x86_64 | 1.1.1 | 2.99 | 30.08 | 33.07 | OK | |
r-patched-solaris-x86 | 1.1.1 | 67.20 | NOTE | |||
r-release-linux-x86_64 | 1.1.1 | 2.98 | 29.78 | 32.76 | OK | |
r-release-windows-ix86+x86_64 | 1.1.1 | 6.00 | 56.00 | 62.00 | NOTE | |
r-release-osx-x86_64 | 1.1.1 | NOTE | ||||
r-oldrel-windows-ix86+x86_64 | 1.1.1 | 6.00 | 45.00 | 51.00 | NOTE | |
r-oldrel-osx-x86_64 | 1.1.1 | NOTE |
Version: 1.1.1
Check: installed package size
Result: NOTE
installed size is 18.0Mb
sub-directories of 1Mb or more:
data 17.9Mb
Flavors: r-devel-linux-x86_64-fedora-clang, r-devel-linux-x86_64-fedora-gcc, r-devel-windows-ix86+x86_64, r-patched-solaris-x86, r-release-windows-ix86+x86_64, r-release-osx-x86_64, r-oldrel-windows-ix86+x86_64, r-oldrel-osx-x86_64