Last updated on 2018-05-14 01:46:30 CEST.
Flavor | Version | Tinstall | Tcheck | Ttotal | Status | Flags |
---|---|---|---|---|---|---|
r-devel-linux-x86_64-debian-clang | 0.1.4 | 10.42 | 39.37 | 49.79 | OK | |
r-devel-linux-x86_64-debian-gcc | 0.1.4 | 8.43 | 35.01 | 43.44 | OK | |
r-devel-linux-x86_64-fedora-clang | 0.1.4 | 63.73 | NOTE | |||
r-devel-linux-x86_64-fedora-gcc | 0.1.4 | 61.65 | NOTE | |||
r-devel-windows-ix86+x86_64 | 0.1.4 | 25.00 | 91.00 | 116.00 | OK | |
r-patched-linux-x86_64 | 0.1.4 | 7.79 | 40.72 | 48.51 | OK | |
r-patched-solaris-x86 | 0.1.4 | 103.40 | NOTE | |||
r-release-linux-x86_64 | 0.1.4 | 8.59 | 40.49 | 49.08 | OK | |
r-release-windows-ix86+x86_64 | 0.1.4 | 25.00 | 91.00 | 116.00 | OK | |
r-release-osx-x86_64 | 0.1.4 | NOTE | ||||
r-oldrel-windows-ix86+x86_64 | 0.1.4 | 16.00 | 72.00 | 88.00 | OK | |
r-oldrel-osx-x86_64 | 0.1.3 | NOTE |
Version: 0.1.4
Check: dependencies in R code
Result: NOTE
Namespaces in Imports field not imported from:
‘dplyr’ ‘httr’ ‘jsonlite’
All declared Imports should be used.
Flavors: r-devel-linux-x86_64-fedora-clang, r-devel-linux-x86_64-fedora-gcc, r-patched-solaris-x86, r-release-osx-x86_64
Version: 0.1.4
Check: data for non-ASCII characters
Result: NOTE
Note: found 8008 marked UTF-8 strings
Flavors: r-devel-linux-x86_64-fedora-clang, r-devel-linux-x86_64-fedora-gcc, r-patched-solaris-x86, r-release-osx-x86_64
Version: 0.1.3
Check: dependencies in R code
Result: NOTE
Namespaces in Imports field not imported from:
‘httr’ ‘jsonlite’
All declared Imports should be used.
Flavor: r-oldrel-osx-x86_64
Version: 0.1.3
Check: data for non-ASCII characters
Result: NOTE
Note: found 8008 marked UTF-8 strings
Flavor: r-oldrel-osx-x86_64