CRAN Package Check Results for Package climatol

Last updated on 2018-05-14 01:46:30 CEST.

Flavor Version Tinstall Tcheck Ttotal Status Flags
r-devel-linux-x86_64-debian-clang 3.1.1 4.36 55.18 59.54 OK
r-devel-linux-x86_64-debian-gcc 3.1.1 3.68 45.27 48.95 OK
r-devel-linux-x86_64-fedora-clang 3.1.1 76.97 OK
r-devel-linux-x86_64-fedora-gcc 3.1.1 73.99 OK
r-devel-windows-ix86+x86_64 3.1.1 10.00 89.00 99.00 OK
r-patched-linux-x86_64 3.1.1 4.99 56.37 61.36 OK
r-patched-solaris-x86 3.1.1 102.30 OK
r-release-linux-x86_64 3.1.1 5.91 57.25 63.16 OK
r-release-windows-ix86+x86_64 3.1.1 10.00 89.00 99.00 OK
r-release-osx-x86_64 3.1.1 OK
r-oldrel-windows-ix86+x86_64 3.1.1 6.00 70.00 76.00 OK
r-oldrel-osx-x86_64 3.0 NOTE

Check Details

Version: 3.0
Check: package dependencies
Result: NOTE
    Packages suggested but not available for checking: ‘ncdf4’ ‘RODBC’
Flavor: r-oldrel-osx-x86_64