Last updated on 2018-05-14 01:46:31 CEST.
Flavor | Version | Tinstall | Tcheck | Ttotal | Status | Flags |
---|---|---|---|---|---|---|
r-devel-linux-x86_64-debian-clang | 0.3-55 | 9.23 | 51.29 | 60.52 | OK | |
r-devel-linux-x86_64-debian-gcc | 0.3-55 | 6.18 | 45.72 | 51.90 | OK | |
r-devel-linux-x86_64-fedora-clang | 0.3-55 | 83.95 | OK | |||
r-devel-linux-x86_64-fedora-gcc | 0.3-55 | 80.14 | OK | |||
r-devel-windows-ix86+x86_64 | 0.3-55 | 17.00 | 117.00 | 134.00 | OK | |
r-patched-linux-x86_64 | 0.3-55 | 9.42 | 57.08 | 66.50 | OK | |
r-patched-solaris-x86 | 0.3-55 | 111.70 | NOTE | |||
r-release-linux-x86_64 | 0.3-55 | 8.54 | 57.96 | 66.50 | OK | |
r-release-windows-ix86+x86_64 | 0.3-55 | 17.00 | 117.00 | 134.00 | OK | |
r-release-osx-x86_64 | 0.3-55 | OK | ||||
r-oldrel-windows-ix86+x86_64 | 0.3-55 | 17.00 | 88.00 | 105.00 | OK | |
r-oldrel-osx-x86_64 | 0.3-54 | NOTE |
Version: 0.3-55
Check: package dependencies
Result: NOTE
Package which this enhances but not available for checking: ‘RWeka’
Flavor: r-patched-solaris-x86
Version: 0.3-54
Check: dependencies in R code
Result: NOTE
Missing objects imported by ':::' calls:
‘relations:::.make_fit_relation_symdiff_B’
‘relations:::fit_relation_LP’ ‘relations:::fit_relation_LP_E_k’
Flavor: r-oldrel-osx-x86_64
Version: 0.3-54
Check: re-building of vignette outputs
Result: NOTE
Error in re-building vignettes:
...
Iteration: 4 Rho: 1.04103 P: 6.54679e-05
Iteration: 5 Rho: 10.4103 P: 7.05791e-07
Iteration: 6 Rho: 104.103 P: 7.10254e-09
Iteration: 7 Rho: 1041.03 P: 7.07779e-11
Iteration: 8 Rho: 10410.3 P: 7.09584e-13
Iteration: 9 Rho: 104103 P: 7.06903e-15
Iteration: 10 Rho: 1.04103e+06 P: 7.08373e-17
Minimum: 0.000329205
The "ward" method has been renamed to "ward.D"; note new "ward.D2"
Error in texi2dvi(file = file, pdf = TRUE, clean = clean, quiet = quiet, :
Running 'texi2dvi' on 'clue.tex' failed.
LaTeX errors:
! LaTeX Error: File `doi.sty' not found.
Type X to quit or <RETURN> to proceed,
or enter new name. (Default extension: sty)
! Emergency stop.
<read *>
l.4 ^^M
! ==> Fatal error occurred, no output PDF file produced!
Calls: buildVignettes -> texi2pdf -> texi2dvi
Execution halted
Flavor: r-oldrel-osx-x86_64