Last updated on 2018-05-14 01:46:31 CEST.
Flavor | Version | Tinstall | Tcheck | Ttotal | Status | Flags |
---|---|---|---|---|---|---|
r-devel-linux-x86_64-debian-clang | 1.0-0.1 | 1.81 | 18.09 | 19.90 | NOTE | |
r-devel-linux-x86_64-debian-gcc | 1.0-0.1 | 1.57 | 16.19 | 17.76 | NOTE | |
r-devel-linux-x86_64-fedora-clang | 1.0-0.1 | 26.50 | NOTE | |||
r-devel-linux-x86_64-fedora-gcc | 1.0-0.1 | 25.32 | NOTE | |||
r-devel-windows-ix86+x86_64 | 1.0-0.1 | 5.00 | 29.00 | 34.00 | NOTE | |
r-patched-linux-x86_64 | 1.0-0.1 | 2.15 | 19.43 | 21.58 | NOTE | |
r-patched-solaris-x86 | 1.0-0.1 | 37.80 | NOTE | |||
r-release-linux-x86_64 | 1.0-0.1 | 1.48 | 19.66 | 21.14 | NOTE | |
r-release-windows-ix86+x86_64 | 1.0-0.1 | 5.00 | 29.00 | 34.00 | NOTE | |
r-release-osx-x86_64 | 1.0-0.1 | NOTE | ||||
r-oldrel-windows-ix86+x86_64 | 1.0-0.1 | 2.00 | 27.00 | 29.00 | NOTE | |
r-oldrel-osx-x86_64 | 1.0-0.1 | NOTE |
Version: 1.0-0.1
Check: Rd files
Result: NOTE
prepare_Rd: concor.Rd:4: Dropping empty section \keyword
prepare_Rd: concor.Rd:5: Dropping empty section \keyword
prepare_Rd: concorcano.Rd:4: Dropping empty section \keyword
prepare_Rd: concorcano.Rd:5: Dropping empty section \keyword
prepare_Rd: concoreg.Rd:4: Dropping empty section \keyword
prepare_Rd: concoreg.Rd:5: Dropping empty section \keyword
prepare_Rd: concorgm.Rd:4: Dropping empty section \keyword
prepare_Rd: concorgm.Rd:5: Dropping empty section \keyword
prepare_Rd: concorgmcano.Rd:4: Dropping empty section \keyword
prepare_Rd: concorgmcano.Rd:5: Dropping empty section \keyword
prepare_Rd: concorgmreg.Rd:4: Dropping empty section \keyword
prepare_Rd: concorgmreg.Rd:5: Dropping empty section \keyword
prepare_Rd: concors.Rd:4: Dropping empty section \keyword
prepare_Rd: concors.Rd:5: Dropping empty section \keyword
prepare_Rd: concorscano.Rd:4: Dropping empty section \keyword
prepare_Rd: concorscano.Rd:5: Dropping empty section \keyword
prepare_Rd: concorsreg.Rd:4: Dropping empty section \keyword
prepare_Rd: concorsreg.Rd:5: Dropping empty section \keyword
prepare_Rd: svdbip.Rd:4: Dropping empty section \keyword
prepare_Rd: svdbip.Rd:5: Dropping empty section \keyword
prepare_Rd: svdbip2.Rd:4: Dropping empty section \keyword
prepare_Rd: svdbip2.Rd:5: Dropping empty section \keyword
prepare_Rd: svdbips.Rd:4: Dropping empty section \keyword
prepare_Rd: svdbips.Rd:5: Dropping empty section \keyword
prepare_Rd: svdcp.Rd:4: Dropping empty section \keyword
prepare_Rd: svdcp.Rd:5: Dropping empty section \keyword
Flavors: r-devel-linux-x86_64-debian-clang, r-devel-linux-x86_64-debian-gcc, r-devel-linux-x86_64-fedora-clang, r-devel-linux-x86_64-fedora-gcc, r-devel-windows-ix86+x86_64, r-patched-linux-x86_64, r-patched-solaris-x86, r-release-linux-x86_64, r-release-windows-ix86+x86_64, r-release-osx-x86_64, r-oldrel-windows-ix86+x86_64, r-oldrel-osx-x86_64