CRAN Package Check Results for Package contoureR

Last updated on 2018-05-14 01:46:31 CEST.

Flavor Version Tinstall Tcheck Ttotal Status Flags
r-devel-linux-x86_64-debian-clang 1.0.5 29.63 25.45 55.08 NOTE
r-devel-linux-x86_64-debian-gcc 1.0.5 21.67 23.29 44.96 NOTE
r-devel-linux-x86_64-fedora-clang 1.0.5 79.91 NOTE
r-devel-linux-x86_64-fedora-gcc 1.0.5 71.90 NOTE
r-devel-windows-ix86+x86_64 1.0.5 73.00 84.00 157.00 OK
r-patched-linux-x86_64 1.0.5 24.54 27.00 51.54 NOTE
r-patched-solaris-x86 1.0.5 87.20 OK
r-release-linux-x86_64 1.0.5 28.29 27.28 55.57 NOTE
r-release-windows-ix86+x86_64 1.0.5 73.00 84.00 157.00 OK
r-release-osx-x86_64 1.0.5 OK
r-oldrel-windows-ix86+x86_64 1.0.5 83.00 65.00 148.00 OK
r-oldrel-osx-x86_64 1.0.5 OK

Check Details

Version: 1.0.5
Check: compiled code
Result: NOTE
    File ‘contoureR/libs/contoureR.so’:
     Found no calls to: ‘R_registerRoutines’, ‘R_useDynamicSymbols’
    
    It is good practice to register native routines and to disable symbol
    search.
    
    See ‘Writing portable packages’ in the ‘Writing R Extensions’ manual.
Flavors: r-devel-linux-x86_64-debian-clang, r-devel-linux-x86_64-debian-gcc, r-devel-linux-x86_64-fedora-clang, r-devel-linux-x86_64-fedora-gcc, r-patched-linux-x86_64, r-release-linux-x86_64