CRAN Package Check Results for Package crimelinkage

Last updated on 2018-05-14 01:46:32 CEST.

Flavor Version Tinstall Tcheck Ttotal Status Flags
r-devel-linux-x86_64-debian-clang 0.0.4 2.01 69.44 71.45 NOTE
r-devel-linux-x86_64-debian-gcc 0.0.4 2.15 56.12 58.27 NOTE
r-devel-linux-x86_64-fedora-clang 0.0.4 98.52 NOTE
r-devel-linux-x86_64-fedora-gcc 0.0.4 90.82 NOTE
r-devel-windows-ix86+x86_64 0.0.4 6.00 114.00 120.00 NOTE
r-patched-linux-x86_64 0.0.4 2.91 71.88 74.79 NOTE
r-patched-solaris-x86 0.0.4 155.00 NOTE
r-release-linux-x86_64 0.0.4 2.10 71.28 73.38 NOTE
r-release-windows-ix86+x86_64 0.0.4 6.00 114.00 120.00 NOTE
r-release-osx-x86_64 0.0.4 NOTE
r-oldrel-windows-ix86+x86_64 0.0.4 5.00 101.00 106.00 NOTE
r-oldrel-osx-x86_64 0.0.4 NOTE

Check Details

Version: 0.0.4
Check: DESCRIPTION meta-information
Result: NOTE
    BugReports field is not a suitable URL but contains an email address
     which will be used as from R 3.4.0
Flavors: r-devel-linux-x86_64-debian-clang, r-devel-linux-x86_64-debian-gcc, r-devel-linux-x86_64-fedora-clang, r-devel-linux-x86_64-fedora-gcc, r-devel-windows-ix86+x86_64, r-patched-linux-x86_64, r-patched-solaris-x86, r-release-linux-x86_64, r-release-windows-ix86+x86_64, r-release-osx-x86_64, r-oldrel-windows-ix86+x86_64, r-oldrel-osx-x86_64