Last updated on 2018-05-14 01:46:32 CEST.
Flavor | Version | Tinstall | Tcheck | Ttotal | Status | Flags |
---|---|---|---|---|---|---|
r-devel-linux-x86_64-debian-clang | 0.2.3 | 6.27 | 72.62 | 78.89 | OK | |
r-devel-linux-x86_64-debian-gcc | 0.2.3 | 6.11 | 66.23 | 72.34 | OK | |
r-devel-linux-x86_64-fedora-clang | 0.2.3 | 111.24 | NOTE | |||
r-devel-linux-x86_64-fedora-gcc | 0.2.3 | 107.14 | NOTE | |||
r-devel-windows-ix86+x86_64 | 0.2.3 | 23.00 | 122.00 | 145.00 | OK | |
r-patched-linux-x86_64 | 0.2.3 | 5.23 | 71.85 | 77.08 | OK | |
r-patched-solaris-x86 | 0.2.3 | 146.90 | NOTE | |||
r-release-linux-x86_64 | 0.2.3 | 5.31 | 72.24 | 77.55 | OK | |
r-release-windows-ix86+x86_64 | 0.2.3 | 23.00 | 122.00 | 145.00 | OK | |
r-release-osx-x86_64 | 0.2.3 | NOTE | ||||
r-oldrel-windows-ix86+x86_64 | 0.2.3 | 13.00 | 95.00 | 108.00 | OK |
Version: 0.2.3
Check: data for non-ASCII characters
Result: NOTE
Note: found 500 marked UTF-8 strings
Flavors: r-devel-linux-x86_64-fedora-clang, r-devel-linux-x86_64-fedora-gcc, r-patched-solaris-x86, r-release-osx-x86_64