Last updated on 2018-05-14 01:46:32 CEST.
Flavor | Version | Tinstall | Tcheck | Ttotal | Status | Flags |
---|---|---|---|---|---|---|
r-devel-linux-x86_64-debian-clang | 0.1.0 | 126.27 | 146.27 | 272.54 | OK | |
r-devel-linux-x86_64-debian-gcc | 0.1.0 | 107.94 | 137.86 | 245.80 | OK | |
r-devel-linux-x86_64-fedora-clang | 0.1.0 | 398.97 | NOTE | |||
r-devel-linux-x86_64-fedora-gcc | 0.1.0 | 400.57 | NOTE | |||
r-devel-windows-ix86+x86_64 | 0.1.0 | 171.00 | 222.00 | 393.00 | NOTE | |
r-patched-linux-x86_64 | 0.1.0 | 129.68 | 169.59 | 299.27 | OK | |
r-patched-solaris-x86 | 0.1.0 | 265.90 | ERROR | |||
r-release-linux-x86_64 | 0.1.0 | 126.69 | 164.06 | 290.75 | OK | |
r-release-windows-ix86+x86_64 | 0.1.0 | 171.00 | 222.00 | 393.00 | NOTE | |
r-release-osx-x86_64 | 0.1.0 | NOTE | ||||
r-oldrel-windows-ix86+x86_64 | 0.1.0 | 213.00 | 192.00 | 405.00 | NOTE | |
r-oldrel-osx-x86_64 | 0.1.0 | NOTE |
Version: 0.1.0
Check: installed package size
Result: NOTE
installed size is 11.0Mb
sub-directories of 1Mb or more:
data 10.9Mb
Flavors: r-devel-linux-x86_64-fedora-clang, r-devel-linux-x86_64-fedora-gcc, r-devel-windows-ix86+x86_64, r-release-windows-ix86+x86_64, r-release-osx-x86_64, r-oldrel-windows-ix86+x86_64, r-oldrel-osx-x86_64
Version: 0.1.0
Check: data for non-ASCII characters
Result: NOTE
Note: found 59670 marked Latin-1 strings
Note: found 16 marked UTF-8 strings
Flavors: r-devel-linux-x86_64-fedora-clang, r-devel-linux-x86_64-fedora-gcc, r-release-osx-x86_64, r-oldrel-osx-x86_64
Version: 0.1.0
Check: whether package can be installed
Result: ERROR
Installation failed.
Flavor: r-patched-solaris-x86