CRAN Package Check Results for Package csrplus

Last updated on 2018-05-14 01:46:32 CEST.

Flavor Version Tinstall Tcheck Ttotal Status Flags
r-devel-linux-x86_64-debian-clang 1.03-0 1.58 22.67 24.25 NOTE
r-devel-linux-x86_64-debian-gcc 1.03-0 1.25 20.64 21.89 NOTE
r-devel-linux-x86_64-fedora-clang 1.03-0 32.85 NOTE
r-devel-linux-x86_64-fedora-gcc 1.03-0 30.95 NOTE
r-devel-windows-ix86+x86_64 1.03-0 4.00 51.00 55.00 NOTE
r-patched-linux-x86_64 1.03-0 1.45 24.03 25.48 NOTE
r-patched-solaris-x86 1.03-0 50.90 NOTE
r-release-linux-x86_64 1.03-0 1.40 23.74 25.14 NOTE
r-release-windows-ix86+x86_64 1.03-0 4.00 51.00 55.00 NOTE
r-release-osx-x86_64 1.03-0 NOTE
r-oldrel-windows-ix86+x86_64 1.03-0 5.00 36.00 41.00 NOTE
r-oldrel-osx-x86_64 1.03-0 NOTE

Check Details

Version: 1.03-0
Check: R code for possible problems
Result: NOTE
    pielou: no visible global function definition for ‘runif’
    Undefined global functions or variables:
     runif
    Consider adding
     importFrom("stats", "runif")
    to your NAMESPACE file.
Flavors: r-devel-linux-x86_64-debian-clang, r-devel-linux-x86_64-debian-gcc, r-devel-linux-x86_64-fedora-clang, r-devel-linux-x86_64-fedora-gcc, r-devel-windows-ix86+x86_64, r-patched-linux-x86_64, r-patched-solaris-x86, r-release-linux-x86_64, r-release-windows-ix86+x86_64, r-release-osx-x86_64, r-oldrel-windows-ix86+x86_64, r-oldrel-osx-x86_64