CRAN Package Check Results for Package cutoffR

Last updated on 2018-05-14 01:46:32 CEST.

Flavor Version Tinstall Tcheck Ttotal Status Flags
r-devel-linux-x86_64-debian-clang 1.0 2.87 29.23 32.10 NOTE
r-devel-linux-x86_64-debian-gcc 1.0 2.26 26.35 28.61 NOTE
r-devel-linux-x86_64-fedora-clang 1.0 43.23 NOTE
r-devel-linux-x86_64-fedora-gcc 1.0 40.39 NOTE
r-devel-windows-ix86+x86_64 1.0 5.00 62.00 67.00 NOTE
r-patched-linux-x86_64 1.0 2.17 31.04 33.21 NOTE
r-patched-solaris-x86 1.0 63.40 NOTE
r-release-linux-x86_64 1.0 1.85 30.56 32.41 NOTE
r-release-windows-ix86+x86_64 1.0 5.00 62.00 67.00 NOTE
r-release-osx-x86_64 1.0 NOTE
r-oldrel-windows-ix86+x86_64 1.0 6.00 47.00 53.00 NOTE
r-oldrel-osx-x86_64 1.0 NOTE

Check Details

Version: 1.0
Check: R code for possible problems
Result: NOTE
    Cut: no visible global function definition for ‘cor’
    MissSimulation: no visible global function definition for ‘rbinom’
    cutoff: no visible global function definition for ‘cor’
    Undefined global functions or variables:
     cor rbinom
    Consider adding
     importFrom("stats", "cor", "rbinom")
    to your NAMESPACE file.
Flavors: r-devel-linux-x86_64-debian-clang, r-devel-linux-x86_64-debian-gcc, r-devel-linux-x86_64-fedora-clang, r-devel-linux-x86_64-fedora-gcc, r-devel-windows-ix86+x86_64, r-patched-linux-x86_64, r-patched-solaris-x86, r-release-linux-x86_64, r-release-windows-ix86+x86_64, r-release-osx-x86_64, r-oldrel-windows-ix86+x86_64, r-oldrel-osx-x86_64