Last updated on 2018-05-14 01:46:32 CEST.
Flavor | Version | Tinstall | Tcheck | Ttotal | Status | Flags |
---|---|---|---|---|---|---|
r-devel-linux-x86_64-debian-clang | 0.3.2 | 2.72 | 104.02 | 106.74 | NOTE | |
r-devel-linux-x86_64-debian-gcc | 0.3.2 | 2.79 | 89.76 | 92.55 | NOTE | |
r-devel-linux-x86_64-fedora-clang | 0.3.2 | 136.26 | NOTE | |||
r-devel-linux-x86_64-fedora-gcc | 0.3.2 | 134.25 | NOTE | |||
r-devel-windows-ix86+x86_64 | 0.3.2 | 6.00 | 150.00 | 156.00 | NOTE | |
r-patched-linux-x86_64 | 0.3.2 | 2.76 | 114.63 | 117.39 | NOTE | |
r-patched-solaris-x86 | 0.3.2 | 196.50 | NOTE | |||
r-release-linux-x86_64 | 0.3.2 | 3.51 | 119.24 | 122.75 | NOTE | |
r-release-windows-ix86+x86_64 | 0.3.2 | 6.00 | 150.00 | 156.00 | NOTE | |
r-release-osx-x86_64 | 0.3.2 | NOTE | ||||
r-oldrel-windows-ix86+x86_64 | 0.3.2 | 7.00 | 111.00 | 118.00 | NOTE | |
r-oldrel-osx-x86_64 | 0.3.2 | NOTE |
Version: 0.3.2
Check: DESCRIPTION meta-information
Result: NOTE
Packages listed in more than one of Depends, Imports, Suggests, Enhances:
‘lattice’ ‘robustbase’
A package should be listed in only one of these fields.
Flavors: r-devel-linux-x86_64-debian-clang, r-devel-linux-x86_64-debian-gcc, r-devel-linux-x86_64-fedora-clang, r-devel-linux-x86_64-fedora-gcc, r-devel-windows-ix86+x86_64, r-patched-linux-x86_64, r-patched-solaris-x86, r-release-linux-x86_64, r-release-windows-ix86+x86_64, r-release-osx-x86_64, r-oldrel-windows-ix86+x86_64, r-oldrel-osx-x86_64