Last updated on 2018-05-14 01:46:32 CEST.
Flavor | Version | Tinstall | Tcheck | Ttotal | Status | Flags |
---|---|---|---|---|---|---|
r-devel-linux-x86_64-debian-clang | 2.2-0 | 5.66 | 66.19 | 71.85 | OK | |
r-devel-linux-x86_64-debian-gcc | 2.2-0 | 5.97 | 60.84 | 66.81 | OK | |
r-devel-linux-x86_64-fedora-clang | 2.2-0 | 100.10 | OK | |||
r-devel-linux-x86_64-fedora-gcc | 2.2-0 | 96.27 | OK | |||
r-devel-windows-ix86+x86_64 | 2.2-0 | 12.00 | 106.00 | 118.00 | OK | |
r-patched-linux-x86_64 | 2.2-0 | 6.46 | 64.23 | 70.69 | OK | |
r-patched-solaris-x86 | 2.2-0 | 139.60 | NOTE | |||
r-release-linux-x86_64 | 2.2-0 | 5.92 | 64.98 | 70.90 | OK | |
r-release-windows-ix86+x86_64 | 2.2-0 | 12.00 | 106.00 | 118.00 | OK | |
r-release-osx-x86_64 | 2.2-0 | NOTE | ||||
r-oldrel-windows-ix86+x86_64 | 2.2-0 | 11.00 | 80.00 | 91.00 | OK | |
r-oldrel-osx-x86_64 | 2.2-0 | NOTE |
Version: 2.2-0
Check: package dependencies
Result: NOTE
Package suggested but not available for checking: ‘BRugs’
Flavors: r-patched-solaris-x86, r-release-osx-x86_64, r-oldrel-osx-x86_64