CRAN Package Check Results for Package diffeqr

Last updated on 2018-05-14 01:46:33 CEST.

Flavor Version Tinstall Tcheck Ttotal Status Flags
r-devel-linux-x86_64-debian-clang 0.1.1 1.36 22.67 24.03 OK
r-devel-linux-x86_64-debian-gcc 0.1.1 1.31 19.88 21.19 OK
r-devel-linux-x86_64-fedora-clang 0.1.1 29.70 NOTE
r-devel-linux-x86_64-fedora-gcc 0.1.1 30.03 NOTE
r-devel-windows-ix86+x86_64 0.1.1 5.00 70.00 75.00 NOTE
r-patched-linux-x86_64 0.1.1 1.01 23.54 24.55 OK
r-patched-solaris-x86 0.1.1 41.00 NOTE
r-release-linux-x86_64 0.1.1 1.58 23.36 24.94 OK
r-release-windows-ix86+x86_64 0.1.1 5.00 70.00 75.00 NOTE
r-release-osx-x86_64 0.1.1 NOTE
r-oldrel-windows-ix86+x86_64 0.1.1 6.00 59.00 65.00 NOTE

Check Details

Version: 0.1.1
Check: installed package size
Result: NOTE
     installed size is 9.4Mb
     sub-directories of 1Mb or more:
     doc 9.3Mb
Flavors: r-devel-linux-x86_64-fedora-clang, r-devel-linux-x86_64-fedora-gcc, r-devel-windows-ix86+x86_64, r-patched-solaris-x86, r-release-windows-ix86+x86_64, r-release-osx-x86_64, r-oldrel-windows-ix86+x86_64