CRAN Package Check Results for Package dynr

Last updated on 2018-05-14 01:46:37 CEST.

Flavor Version Tinstall Tcheck Ttotal Status Flags
r-devel-linux-x86_64-debian-clang 0.1.12-5 23.08 83.57 106.65 OK
r-devel-linux-x86_64-debian-gcc 0.1.12-5 20.19 75.36 95.55 OK
r-devel-linux-x86_64-fedora-clang 0.1.12-5 149.35 NOTE
r-devel-linux-x86_64-fedora-gcc 0.1.12-5 146.08 NOTE
r-devel-windows-ix86+x86_64 0.1.12-5 57.00 169.00 226.00 OK
r-patched-linux-x86_64 0.1.12-5 20.46 83.20 103.66 OK
r-patched-solaris-x86 0.1.12-5 191.90 NOTE
r-release-linux-x86_64 0.1.12-5 20.17 82.02 102.19 OK
r-release-windows-ix86+x86_64 0.1.12-5 57.00 169.00 226.00 OK
r-release-osx-x86_64 0.1.12-5 NOTE
r-oldrel-windows-ix86+x86_64 0.1.12-5 61.00 119.00 180.00 OK
r-oldrel-osx-x86_64 0.1.12-5 NOTE

Check Details

Version: 0.1.12-5
Check: dependencies in R code
Result: NOTE
    Namespace in Imports field not imported from: ‘Rdpack’
     All declared Imports should be used.
Flavors: r-devel-linux-x86_64-fedora-clang, r-devel-linux-x86_64-fedora-gcc, r-patched-solaris-x86, r-release-osx-x86_64, r-oldrel-osx-x86_64