Last updated on 2018-05-14 01:46:37 CEST.
Flavor | Version | Tinstall | Tcheck | Ttotal | Status | Flags |
---|---|---|---|---|---|---|
r-devel-linux-x86_64-debian-clang | 0.9.9-4 | 7.84 | 84.26 | 92.10 | OK | |
r-devel-linux-x86_64-debian-gcc | 0.9.9-4 | 6.69 | 73.63 | 80.32 | OK | |
r-devel-linux-x86_64-fedora-clang | 0.9.9-4 | 125.19 | NOTE | |||
r-devel-linux-x86_64-fedora-gcc | 0.9.9-4 | 124.16 | NOTE | |||
r-devel-windows-ix86+x86_64 | 0.9.9-4 | 20.00 | 127.00 | 147.00 | OK | |
r-patched-linux-x86_64 | 0.9.9-4 | 6.62 | 83.11 | 89.73 | OK | |
r-patched-solaris-x86 | 0.9.9-4 | 165.20 | NOTE | |||
r-release-linux-x86_64 | 0.9.9-4 | 4.99 | 82.55 | 87.54 | OK | |
r-release-windows-ix86+x86_64 | 0.9.9-4 | 20.00 | 127.00 | 147.00 | OK | |
r-release-osx-x86_64 | 0.9.9-4 | NOTE | ||||
r-oldrel-windows-ix86+x86_64 | 0.9.9-4 | 12.00 | 98.00 | 110.00 | OK | |
r-oldrel-osx-x86_64 | 0.9.9-4 | NOTE |
Version: 0.9.9-4
Check: installed package size
Result: NOTE
installed size is 5.0Mb
sub-directories of 1Mb or more:
data 4.6Mb
Flavors: r-devel-linux-x86_64-fedora-clang, r-devel-linux-x86_64-fedora-gcc, r-patched-solaris-x86
Version: 0.9.9-4
Check: dependencies in R code
Result: NOTE
Namespaces in Imports field not imported from:
‘MASS’ ‘Matrix’ ‘ROCR’ ‘c060’ ‘methods’ ‘utils’
All declared Imports should be used.
Flavors: r-devel-linux-x86_64-fedora-clang, r-devel-linux-x86_64-fedora-gcc, r-patched-solaris-x86, r-release-osx-x86_64, r-oldrel-osx-x86_64