CRAN Package Check Results for Package earthtones

Last updated on 2018-05-14 01:46:37 CEST.

Flavor Version Tinstall Tcheck Ttotal Status Flags
r-devel-linux-x86_64-debian-clang 0.1.0 1.29 23.94 25.23 ERROR
r-devel-linux-x86_64-debian-gcc 0.1.0 0.93 47.62 48.55 WARN
r-devel-linux-x86_64-fedora-clang 0.1.0 179.38 OK
r-devel-linux-x86_64-fedora-gcc 0.1.0 176.13 OK
r-devel-windows-ix86+x86_64 0.1.0 5.00 209.00 214.00 WARN
r-patched-linux-x86_64 0.1.0 0.84 123.43 124.27 WARN
r-patched-solaris-x86 0.1.0 615.60 OK
r-release-linux-x86_64 0.1.0 1.22 142.62 143.84 OK
r-release-windows-ix86+x86_64 0.1.0 5.00 209.00 214.00 WARN
r-release-osx-x86_64 0.1.0 OK
r-oldrel-windows-ix86+x86_64 0.1.0 4.00 162.00 166.00 OK
r-oldrel-osx-x86_64 0.1.0 OK

Check Details

Version: 0.1.0
Check: tests
Result: ERROR
     Running ‘testthat.R’ [5s/5s]
    Running the tests in ‘tests/testthat.R’ failed.
    Complete output:
     > library(testthat)
     > library(earthtones)
     >
     > test_check("earthtones")
     ── 1. Error: returns normal (@test-earth.R#6) ─────────────────────────────────
     cannot open URL 'http://maps.googleapis.com/maps/api/staticmap?center=50.759,-125.673&zoom=11&size=640x640&scale=2&maptype=satellite&language=en-EN&sensor=false'
     1: expect_is(get_earthtones(method = "kmeans"), "palette") at testthat/test-earth.R:6
     2: quasi_label(enquo(object), label)
     3: eval_bare(get_expr(quo), get_env(quo))
     4: get_earthtones(method = "kmeans")
     5: ggmap::get_map(location = c(longitude, latitude), maptype = "satellite", zoom = zoom,
     ...)
     6: get_googlemap(center = location, zoom = zoom, maptype = maptype, scale = scale, messaging = messaging,
     urlonly = urlonly, force = force, filename = filename, color = color, language = language)
     7: download.file(url, destfile = tmp, quiet = !messaging, mode = "wb")
    
     ══ testthat results ═══════════════════════════════════════════════════════════
     OK: 4 SKIPPED: 0 FAILED: 1
     1. Error: returns normal (@test-earth.R#6)
    
     Error: testthat unit tests failed
     Execution halted
Flavor: r-devel-linux-x86_64-debian-clang

Version: 0.1.0
Check: re-building of vignette outputs
Result: WARN
    Error in re-building vignettes:
     ...
    Quitting from lines 26-28 (earthtones.rmd)
    Error: processing vignette ‘earthtones.rmd’ failed with diagnostics:
    cannot open URL ‘http://maps.googleapis.com/maps/api/staticmap?center=36.094994,-111.837962&zoom=12&size=640x640&scale=2&maptype=satellite&language=en-EN&sensor=false’
    Execution halted
Flavor: r-devel-linux-x86_64-debian-clang

Version: 0.1.0
Check: re-building of vignette outputs
Result: WARN
    Error in re-building vignettes:
     ...
    Map from URL : http://maps.googleapis.com/maps/api/staticmap?center=36.094994,-111.837962&zoom=12&size=640x640&scale=2&maptype=satellite&language=en-EN&sensor=false
    Map from URL : http://maps.googleapis.com/maps/api/staticmap?center=24.2,-77.88&zoom=11&size=640x640&scale=2&maptype=satellite&language=en-EN&sensor=false
    Quitting from lines 43-44 (earthtones.rmd)
    Error: processing vignette ‘earthtones.rmd’ failed with diagnostics:
    cannot open URL ‘http://maps.googleapis.com/maps/api/staticmap?center=37.89,-122.28&zoom=11&size=640x640&scale=2&maptype=satellite&language=en-EN&sensor=false’
    Execution halted
Flavors: r-devel-linux-x86_64-debian-gcc, r-devel-windows-ix86+x86_64, r-release-windows-ix86+x86_64

Version: 0.1.0
Check: re-building of vignette outputs
Result: WARN
    Error in re-building vignettes:
     ...
    Map from URL : http://maps.googleapis.com/maps/api/staticmap?center=36.094994,-111.837962&zoom=12&size=640x640&scale=2&maptype=satellite&language=en-EN&sensor=false
    Map from URL : http://maps.googleapis.com/maps/api/staticmap?center=24.2,-77.88&zoom=11&size=640x640&scale=2&maptype=satellite&language=en-EN&sensor=false
    Map from URL : http://maps.googleapis.com/maps/api/staticmap?center=37.89,-122.28&zoom=11&size=640x640&scale=2&maptype=satellite&language=en-EN&sensor=false
    Map from URL : http://maps.googleapis.com/maps/api/staticmap?center=37.81391,-122.478289&zoom=19&size=640x640&scale=2&maptype=satellite&language=en-EN&sensor=false
    Map from URL : http://maps.googleapis.com/maps/api/staticmap?center=-33.857077,151.214722&zoom=17&size=640x640&scale=2&maptype=satellite&language=en-EN&sensor=false
    Loading required package: ggplot2
    Map from URL : http://maps.googleapis.com/maps/api/staticmap?center=24.2,-77.88&zoom=11&size=640x640&scale=2&maptype=satellite&language=en-EN&sensor=false
    Map from URL : http://maps.googleapis.com/maps/api/staticmap?center=48.7709,-64.660939&zoom=9&size=640x640&scale=2&maptype=satellite&language=en-EN&sensor=false
    Quitting from lines 74-84 (earthtones.rmd)
    Error: processing vignette ‘earthtones.rmd’ failed with diagnostics:
    cannot open URL ‘http://maps.googleapis.com/maps/api/staticmap?center=48.7709,-64.660939&zoom=9&size=640x640&scale=2&maptype=satellite&language=en-EN&sensor=false’
    Execution halted
Flavor: r-patched-linux-x86_64