CRAN Package Check Results for Package equivalence

Last updated on 2018-05-14 01:46:38 CEST.

Flavor Version Tinstall Tcheck Ttotal Status Flags
r-devel-linux-x86_64-debian-clang 0.7.2 4.15 35.63 39.78 NOTE
r-devel-linux-x86_64-debian-gcc 0.7.2 3.33 31.69 35.02 NOTE
r-devel-linux-x86_64-fedora-clang 0.7.2 53.27 NOTE
r-devel-linux-x86_64-fedora-gcc 0.7.2 52.82 NOTE
r-devel-windows-ix86+x86_64 0.7.2 20.00 89.00 109.00 OK
r-patched-linux-x86_64 0.7.2 3.67 35.97 39.64 NOTE
r-patched-solaris-x86 0.7.2 74.10 OK
r-release-linux-x86_64 0.7.2 3.66 35.86 39.52 NOTE
r-release-windows-ix86+x86_64 0.7.2 20.00 89.00 109.00 OK
r-release-osx-x86_64 0.7.2 OK
r-oldrel-windows-ix86+x86_64 0.7.2 11.00 68.00 79.00 OK
r-oldrel-osx-x86_64 0.7.2 OK

Check Details

Version: 0.7.2
Check: compiled code
Result: NOTE
    File ‘equivalence/libs/equivalence.so’:
     Found no calls to: ‘R_registerRoutines’, ‘R_useDynamicSymbols’
    
    It is good practice to register native routines and to disable symbol
    search.
    
    See ‘Writing portable packages’ in the ‘Writing R Extensions’ manual.
Flavors: r-devel-linux-x86_64-debian-clang, r-devel-linux-x86_64-debian-gcc, r-devel-linux-x86_64-fedora-clang, r-devel-linux-x86_64-fedora-gcc, r-patched-linux-x86_64, r-release-linux-x86_64