CRAN Package Check Results for Package ergm.graphlets

Last updated on 2018-05-14 01:46:38 CEST.

Flavor Version Tinstall Tcheck Ttotal Status Flags
r-devel-linux-x86_64-debian-clang 1.0.3 57.42 63.01 120.43 NOTE
r-devel-linux-x86_64-debian-gcc 1.0.3 36.61 55.72 92.33 NOTE
r-devel-linux-x86_64-fedora-clang 1.0.3 158.94 NOTE
r-devel-linux-x86_64-fedora-gcc 1.0.3 140.03 NOTE
r-devel-windows-ix86+x86_64 1.0.3 90.00 134.00 224.00 OK
r-patched-linux-x86_64 1.0.3 36.27 60.70 96.97 NOTE
r-patched-solaris-x86 1.0.3 322.70 OK
r-release-linux-x86_64 1.0.3 38.85 60.89 99.74 NOTE
r-release-windows-ix86+x86_64 1.0.3 90.00 134.00 224.00 OK
r-release-osx-x86_64 1.0.3 OK
r-oldrel-windows-ix86+x86_64 1.0.3 102.00 106.00 208.00 OK
r-oldrel-osx-x86_64 1.0.3 OK

Check Details

Version: 1.0.3
Check: compiled code
Result: NOTE
    File ‘ergm.graphlets/libs/ergm.graphlets.so’:
     Found no calls to: ‘R_registerRoutines’, ‘R_useDynamicSymbols’
    
    It is good practice to register native routines and to disable symbol
    search.
    
    See ‘Writing portable packages’ in the ‘Writing R Extensions’ manual.
Flavors: r-devel-linux-x86_64-debian-clang, r-devel-linux-x86_64-debian-gcc, r-devel-linux-x86_64-fedora-clang, r-devel-linux-x86_64-fedora-gcc, r-patched-linux-x86_64, r-release-linux-x86_64