Last updated on 2018-05-14 01:46:38 CEST.
Flavor | Version | Tinstall | Tcheck | Ttotal | Status | Flags |
---|---|---|---|---|---|---|
r-devel-linux-x86_64-debian-clang | 0.3.7 | 3.59 | 52.33 | 55.92 | OK | |
r-devel-linux-x86_64-debian-gcc | 0.3.7 | 2.68 | 45.63 | 48.31 | OK | |
r-devel-linux-x86_64-fedora-clang | 0.3.7 | 74.86 | OK | |||
r-devel-linux-x86_64-fedora-gcc | 0.3.7 | 76.65 | OK | |||
r-devel-windows-ix86+x86_64 | 0.3.7 | 13.00 | 157.00 | 170.00 | OK | |
r-patched-linux-x86_64 | 0.3.7 | 2.94 | 49.94 | 52.88 | OK | |
r-patched-solaris-x86 | 0.3.7 | 102.30 | NOTE | |||
r-release-linux-x86_64 | 0.3.7 | 3.13 | 49.94 | 53.07 | OK | |
r-release-windows-ix86+x86_64 | 0.3.7 | 13.00 | 157.00 | 170.00 | OK | |
r-release-osx-x86_64 | 0.3.7 | OK | ||||
r-oldrel-windows-ix86+x86_64 | 0.3.7 | 8.00 | 156.00 | 164.00 | OK | |
r-oldrel-osx-x86_64 | 0.3.7 | OK |
Version: 0.3.7
Check: package dependencies
Result: NOTE
Package suggested but not available for checking: ‘MonetDBLite’
Flavor: r-patched-solaris-x86