CRAN Package Check Results for Package fAsianOptions

Last updated on 2018-05-14 01:46:38 CEST.

Flavor Version Tinstall Tcheck Ttotal Status Flags
r-devel-linux-x86_64-debian-clang 3042.82 9.60 55.40 65.00 NOTE
r-devel-linux-x86_64-debian-gcc 3042.82 7.07 47.75 54.82 NOTE
r-devel-linux-x86_64-fedora-clang 3042.82 84.08 NOTE
r-devel-linux-x86_64-fedora-gcc 3042.82 87.70 NOTE
r-devel-windows-ix86+x86_64 3042.82 20.00 117.00 137.00 OK
r-patched-linux-x86_64 3042.82 8.92 52.88 61.80 NOTE
r-patched-solaris-x86 3042.82 107.00 OK
r-release-linux-x86_64 3042.82 9.57 52.57 62.14 NOTE
r-release-windows-ix86+x86_64 3042.82 20.00 117.00 137.00 OK
r-release-osx-x86_64 3042.82 OK
r-oldrel-windows-ix86+x86_64 3042.82 23.00 82.00 105.00 OK
r-oldrel-osx-x86_64 3042.82 OK

Check Details

Version: 3042.82
Check: compiled code
Result: NOTE
    File ‘fAsianOptions/libs/fAsianOptions.so’:
     Found no calls to: ‘R_registerRoutines’, ‘R_useDynamicSymbols’
    
    It is good practice to register native routines and to disable symbol
    search.
    
    See ‘Writing portable packages’ in the ‘Writing R Extensions’ manual.
Flavors: r-devel-linux-x86_64-debian-clang, r-devel-linux-x86_64-debian-gcc, r-devel-linux-x86_64-fedora-clang, r-devel-linux-x86_64-fedora-gcc, r-patched-linux-x86_64, r-release-linux-x86_64