CRAN Package Check Results for Package fastR2

Last updated on 2018-05-14 01:46:38 CEST.

Flavor Version Tinstall Tcheck Ttotal Status Flags
r-devel-linux-x86_64-debian-clang 0.2.0 7.66 105.35 113.01 OK
r-devel-linux-x86_64-debian-gcc 0.2.0 8.94 89.42 98.36 OK
r-devel-linux-x86_64-fedora-clang 0.2.0 149.78 NOTE
r-devel-linux-x86_64-fedora-gcc 0.2.0 158.66 NOTE
r-devel-windows-ix86+x86_64 0.2.0 59.00 158.00 217.00 OK
r-patched-linux-x86_64 0.2.0 8.28 99.53 107.81 OK
r-patched-solaris-x86 0.2.0 199.70 NOTE
r-release-linux-x86_64 0.2.0 10.42 98.78 109.20 OK
r-release-windows-ix86+x86_64 0.2.0 59.00 158.00 217.00 OK
r-release-osx-x86_64 0.2.0 NOTE
r-oldrel-windows-ix86+x86_64 0.2.0 28.00 119.00 147.00 OK
r-oldrel-osx-x86_64 0.2.0 NOTE

Check Details

Version: 0.2.0
Check: dependencies in R code
Result: NOTE
    Namespace in Imports field not imported from: ‘magrittr’
     All declared Imports should be used.
Flavors: r-devel-linux-x86_64-fedora-clang, r-devel-linux-x86_64-fedora-gcc, r-patched-solaris-x86, r-release-osx-x86_64, r-oldrel-osx-x86_64