Last updated on 2018-05-14 01:46:38 CEST.
Flavor | Version | Tinstall | Tcheck | Ttotal | Status | Flags |
---|---|---|---|---|---|---|
r-devel-linux-x86_64-debian-clang | 1.0-2 | 1.33 | 13.90 | 15.23 | NOTE | |
r-devel-linux-x86_64-debian-gcc | 1.0-2 | 0.90 | 12.63 | 13.53 | NOTE | |
r-devel-linux-x86_64-fedora-clang | 1.0-2 | 20.32 | NOTE | |||
r-devel-linux-x86_64-fedora-gcc | 1.0-2 | 19.64 | NOTE | |||
r-devel-windows-ix86+x86_64 | 1.0-2 | 8.00 | 33.00 | 41.00 | OK | |
r-patched-linux-x86_64 | 1.0-2 | 1.15 | 14.59 | 15.74 | NOTE | |
r-patched-solaris-x86 | 1.0-2 | 32.20 | OK | |||
r-release-linux-x86_64 | 1.0-2 | 1.08 | 14.71 | 15.79 | NOTE | |
r-release-windows-ix86+x86_64 | 1.0-2 | 8.00 | 33.00 | 41.00 | OK | |
r-release-osx-x86_64 | 1.0-2 | OK | ||||
r-oldrel-windows-ix86+x86_64 | 1.0-2 | 5.00 | 24.00 | 29.00 | OK | |
r-oldrel-osx-x86_64 | 1.0-2 | OK |
Version: 1.0-2
Check: compiled code
Result: NOTE
File ‘fasttime/libs/fasttime.so’:
Found no calls to: ‘R_registerRoutines’, ‘R_useDynamicSymbols’
It is good practice to register native routines and to disable symbol
search.
See ‘Writing portable packages’ in the ‘Writing R Extensions’ manual.
Flavors: r-devel-linux-x86_64-debian-clang, r-devel-linux-x86_64-debian-gcc, r-devel-linux-x86_64-fedora-clang, r-devel-linux-x86_64-fedora-gcc, r-patched-linux-x86_64, r-release-linux-x86_64