CRAN Package Check Results for Package fdasrvf

Last updated on 2018-05-14 01:46:38 CEST.

Flavor Version Tinstall Tcheck Ttotal Status Flags
r-devel-linux-x86_64-debian-clang 1.8.3 361.74 172.62 534.36 OK
r-devel-linux-x86_64-debian-gcc 1.8.3 281.20 148.40 429.60 OK
r-devel-linux-x86_64-fedora-clang 1.8.3 827.07 NOTE
r-devel-linux-x86_64-fedora-gcc 1.8.3 752.75 NOTE
r-devel-windows-ix86+x86_64 1.8.3 1033.00 421.00 1454.00 NOTE
r-patched-linux-x86_64 1.8.3 371.90 199.57 571.47 OK
r-patched-solaris-x86 1.8.3 758.60 NOTE
r-release-linux-x86_64 1.8.3 374.05 184.91 558.96 OK
r-release-windows-ix86+x86_64 1.8.3 1033.00 421.00 1454.00 NOTE
r-release-osx-x86_64 1.8.3 NOTE
r-oldrel-windows-ix86+x86_64 1.8.3 1203.00 291.00 1494.00 NOTE
r-oldrel-osx-x86_64 1.8.3 NOTE

Check Details

Version: 1.8.3
Check: installed package size
Result: NOTE
     installed size is 9.9Mb
     sub-directories of 1Mb or more:
     data 2.3Mb
     libs 7.1Mb
Flavors: r-devel-linux-x86_64-fedora-clang, r-devel-linux-x86_64-fedora-gcc, r-devel-windows-ix86+x86_64, r-release-windows-ix86+x86_64, r-release-osx-x86_64, r-oldrel-windows-ix86+x86_64, r-oldrel-osx-x86_64

Version: 1.8.3
Check: dependencies in R code
Result: NOTE
    Namespace in Imports field not imported from: ‘testthat’
     All declared Imports should be used.
Flavors: r-devel-linux-x86_64-fedora-clang, r-devel-linux-x86_64-fedora-gcc, r-patched-solaris-x86, r-release-osx-x86_64, r-oldrel-osx-x86_64