CRAN Package Check Results for Package fdq

Last updated on 2018-05-14 01:46:38 CEST.

Flavor Version Tinstall Tcheck Ttotal Status Flags
r-devel-linux-x86_64-debian-clang 0.2 7.81 75.93 83.74 OK
r-devel-linux-x86_64-debian-gcc 0.2 6.00 64.30 70.30 OK
r-devel-linux-x86_64-fedora-clang 0.2 104.07 OK
r-devel-linux-x86_64-fedora-gcc 0.2 108.34 OK
r-devel-windows-ix86+x86_64 0.2 23.00 103.00 126.00 OK
r-patched-linux-x86_64 0.2 6.83 71.71 78.54 OK
r-patched-solaris-x86 0.2 156.90 OK
r-release-linux-x86_64 0.2 6.54 72.18 78.72 OK
r-release-windows-ix86+x86_64 0.2 23.00 103.00 126.00 OK
r-release-osx-x86_64 0.2 ERROR
r-oldrel-windows-ix86+x86_64 0.2 19.00 102.00 121.00 OK
r-oldrel-osx-x86_64 0.2 OK

Check Details

Version: 0.2
Check: package dependencies
Result: ERROR
    Package required but not available: ‘Fgmutils’
    
    See section ‘The DESCRIPTION file’ in the ‘Writing R Extensions’
    manual.
Flavor: r-release-osx-x86_64