Last updated on 2018-05-14 01:46:39 CEST.
Flavor | Version | Tinstall | Tcheck | Ttotal | Status | Flags |
---|---|---|---|---|---|---|
r-devel-linux-x86_64-debian-clang | 0.1.0 | 1.33 | 6.55 | 7.88 | OK | |
r-devel-linux-x86_64-debian-gcc | 0.1.0 | 0.92 | 6.10 | 7.02 | OK | |
r-devel-linux-x86_64-fedora-clang | 0.1.0 | 10.54 | NOTE | |||
r-devel-linux-x86_64-fedora-gcc | 0.1.0 | 10.59 | NOTE | |||
r-devel-windows-ix86+x86_64 | 0.1.0 | 4.00 | 15.00 | 19.00 | NOTE | |
r-patched-linux-x86_64 | 0.1.0 | 0.86 | 7.13 | 7.99 | OK | |
r-patched-solaris-x86 | 0.1.0 | 16.10 | NOTE | |||
r-release-linux-x86_64 | 0.1.0 | 0.81 | 7.01 | 7.82 | OK | |
r-release-windows-ix86+x86_64 | 0.1.0 | 4.00 | 15.00 | 19.00 | NOTE | |
r-release-osx-x86_64 | 0.1.0 | NOTE | ||||
r-oldrel-windows-ix86+x86_64 | 0.1.0 | 3.00 | 12.00 | 15.00 | NOTE | |
r-oldrel-osx-x86_64 | 0.1.0 | NOTE |
Version: 0.1.0
Check: installed package size
Result: NOTE
installed size is 6.2Mb
sub-directories of 1Mb or more:
fonts 6.1Mb
Flavors: r-devel-linux-x86_64-fedora-clang, r-devel-linux-x86_64-fedora-gcc, r-devel-windows-ix86+x86_64, r-patched-solaris-x86, r-release-windows-ix86+x86_64, r-release-osx-x86_64, r-oldrel-windows-ix86+x86_64, r-oldrel-osx-x86_64