CRAN Package Check Results for Package ftDK

Last updated on 2018-05-14 01:46:40 CEST.

Flavor Version Tinstall Tcheck Ttotal Status Flags
r-devel-linux-x86_64-debian-clang 1.0 0.82 15.60 16.42 OK
r-devel-linux-x86_64-debian-gcc 1.0 0.67 13.60 14.27 OK
r-devel-linux-x86_64-fedora-clang 1.0 21.28 NOTE
r-devel-linux-x86_64-fedora-gcc 1.0 21.49 NOTE
r-devel-windows-ix86+x86_64 1.0 3.00 34.00 37.00 OK
r-patched-linux-x86_64 1.0 0.81 15.82 16.63 OK
r-patched-solaris-x86 1.0 32.70 NOTE
r-release-linux-x86_64 1.0 0.84 15.65 16.49 OK
r-release-windows-ix86+x86_64 1.0 3.00 34.00 37.00 OK
r-release-osx-x86_64 1.0 NOTE
r-oldrel-windows-ix86+x86_64 1.0 3.00 27.00 30.00 OK
r-oldrel-osx-x86_64 1.0 NOTE

Check Details

Version: 1.0
Check: data for non-ASCII characters
Result: NOTE
     Note: found 39 marked UTF-8 strings
Flavors: r-devel-linux-x86_64-fedora-clang, r-devel-linux-x86_64-fedora-gcc, r-patched-solaris-x86, r-release-osx-x86_64, r-oldrel-osx-x86_64