CRAN Package Check Results for Package gWidgets2RGtk2

Last updated on 2018-05-14 01:46:43 CEST.

Flavor Version Tinstall Tcheck Ttotal Status Flags
r-devel-linux-x86_64-debian-clang 1.0-7 40.20 101.63 141.83 OK
r-devel-linux-x86_64-debian-gcc 1.0-7 34.80 83.93 118.73 OK
r-devel-linux-x86_64-fedora-clang 1.0-7 203.53 OK
r-devel-linux-x86_64-fedora-gcc 1.0-7 194.99 OK
r-devel-windows-ix86+x86_64 1.0-7 65.00 110.00 175.00 OK
r-patched-linux-x86_64 1.0-7 47.02 105.82 152.84 OK
r-patched-solaris-x86 1.0-7 263.20 OK
r-release-linux-x86_64 1.0-7 40.68 106.15 146.83 OK
r-release-windows-ix86+x86_64 1.0-7 65.00 110.00 175.00 OK
r-release-osx-x86_64 1.0-7 ERROR
r-oldrel-windows-ix86+x86_64 1.0-7 18.00 95.00 113.00 OK
r-oldrel-osx-x86_64 1.0-7 ERROR

Check Details

Version: 1.0-7
Check: package dependencies
Result: ERROR
    Package required but not available: ‘RGtk2’
    
    Package suggested but not available for checking: ‘cairoDevice’
    
    See section ‘The DESCRIPTION file’ in the ‘Writing R Extensions’
    manual.
Flavors: r-release-osx-x86_64, r-oldrel-osx-x86_64